{"id":564,"date":"2022-07-15T09:41:02","date_gmt":"2022-07-15T07:41:02","guid":{"rendered":"https:\/\/bpf.flaw.uniba.sk\/?page_id=564"},"modified":"2024-05-14T14:00:26","modified_gmt":"2024-05-14T12:00:26","slug":"sekcia-ustavneho-prava-2","status":"publish","type":"page","link":"https:\/\/bpf2024.flaw.uniba.sk\/en\/sekcia-ustavneho-prava-2\/","title":{"rendered":"Constitutional Law section"},"content":{"rendered":"<h2 class=\"wp-block-heading alignwide has-text-align-center\">Twenty Years of Dialogue Between the Constitution and the Law of the European Union<\/h2>\n\n\n\n<p class=\"has-drop-cap\">On May 1, 2004, ten new member states including Slovakia entered the European Union. During the following twenty years, there were fundamental changes in the constitutional architecture not only in the European Union, but also at the level of many member states. These changes directly affected both large dimensions of constitutional law \u2013 the separation of powers and the protection of fundamental rights and freedoms. This development also included a constitutional dialogue between the Court of Justice of the European Union and the highest judicial authorities of the member states. The section welcomes contributions that will analyse the past two decades from the perspective of the science of constitutional law, as well as contributions of a comparative nature.<\/p>\n\n\n\n<p><strong>Guarantors of the section: <\/strong><\/p>\n\n\n\n<p>prof. JUDr. Mari\u00e1n Giba, PhD.<\/p>\n\n\n\n<p>prof. JUDr. Ladislav Orosz, CSc.<\/p>","protected":false},"excerpt":{"rendered":"<p>Dvadsa\u0165 rokov dial\u00f3gu medzi \u00dastavou a pr\u00e1vom Eur\u00f3pskej \u00fanie Eur\u00f3pska \u00fania sa 1. m\u00e1ja 2004 roz\u0161\u00edrila o desa\u0165 nov\u00fdch \u010dlensk\u00fdch \u0161t\u00e1tov, medzi ktor\u00fdmi bolo aj Slovensko. Po\u010das n\u00e1sledn\u00fdch dvadsiatich rokov do\u0161lo k fundament\u00e1lnym zmen\u00e1m \u00fastavnopr\u00e1vnej architekt\u00fary nielen v Eur\u00f3pskej \u00fanii, ale aj na \u00farovni mnoh\u00fdch \u010dlensk\u00fdch \u0161t\u00e1tov. Tieto zmeny bezprostredne ovplyvnili obe ve\u013ek\u00e9 dimenzie \u00fastavn\u00e9ho [&hellip;]<\/p>\n","protected":false},"author":2,"featured_media":0,"parent":0,"menu_order":0,"comment_status":"closed","ping_status":"closed","template":"","meta":{"ngg_post_thumbnail":0,"footnotes":""},"class_list":["post-564","page","type-page","status-publish","hentry"],"yoast_head":"<!-- This site is optimized with the Yoast SEO plugin v27.2 - https:\/\/yoast.com\/product\/yoast-seo-wordpress\/ -->\n<title>Sekcia \u00fastavn\u00e9ho pr\u00e1va - BPF<\/title>\n<meta name=\"robots\" content=\"index, follow, max-snippet:-1, max-image-preview:large, max-video-preview:-1\" \/>\n<link rel=\"canonical\" href=\"https:\/\/bpf2024.flaw.uniba.sk\/en\/sekcia-ustavneho-prava-2\/\" \/>\n<meta property=\"og:locale\" content=\"en_US\" \/>\n<meta property=\"og:type\" content=\"article\" \/>\n<meta property=\"og:title\" content=\"Sekcia \u00fastavn\u00e9ho pr\u00e1va - BPF\" \/>\n<meta property=\"og:description\" content=\"Dvadsa\u0165 rokov dial\u00f3gu medzi \u00dastavou a pr\u00e1vom Eur\u00f3pskej \u00fanie Eur\u00f3pska \u00fania sa 1. m\u00e1ja 2004 roz\u0161\u00edrila o desa\u0165 nov\u00fdch \u010dlensk\u00fdch \u0161t\u00e1tov, medzi ktor\u00fdmi bolo aj Slovensko. Po\u010das n\u00e1sledn\u00fdch dvadsiatich rokov do\u0161lo k fundament\u00e1lnym zmen\u00e1m \u00fastavnopr\u00e1vnej architekt\u00fary nielen v Eur\u00f3pskej \u00fanii, ale aj na \u00farovni mnoh\u00fdch \u010dlensk\u00fdch \u0161t\u00e1tov. Tieto zmeny bezprostredne ovplyvnili obe ve\u013ek\u00e9 dimenzie \u00fastavn\u00e9ho [&hellip;]\" \/>\n<meta property=\"og:url\" content=\"https:\/\/bpf2024.flaw.uniba.sk\/en\/sekcia-ustavneho-prava-2\/\" \/>\n<meta property=\"og:site_name\" content=\"BPF\" \/>\n<meta property=\"article:modified_time\" content=\"2024-05-14T12:00:26+00:00\" \/>\n<meta name=\"twitter:card\" content=\"summary_large_image\" \/>\n<meta name=\"twitter:label1\" content=\"Est. reading time\" \/>\n\t<meta name=\"twitter:data1\" content=\"1 minute\" \/>\n<script type=\"application\/ld+json\" class=\"yoast-schema-graph\">{\"@context\":\"https:\/\/schema.org\",\"@graph\":[{\"@type\":\"WebPage\",\"@id\":\"https:\/\/bpf2024.flaw.uniba.sk\/sekcia-ustavneho-prava-2\/\",\"url\":\"https:\/\/bpf2024.flaw.uniba.sk\/sekcia-ustavneho-prava-2\/\",\"name\":\"Sekcia \u00fastavn\u00e9ho pr\u00e1va - BPF\",\"isPartOf\":{\"@id\":\"https:\/\/bpf2024.flaw.uniba.sk\/#website\"},\"datePublished\":\"2022-07-15T07:41:02+00:00\",\"dateModified\":\"2024-05-14T12:00:26+00:00\",\"breadcrumb\":{\"@id\":\"https:\/\/bpf2024.flaw.uniba.sk\/sekcia-ustavneho-prava-2\/#breadcrumb\"},\"inLanguage\":\"en-US\",\"potentialAction\":[{\"@type\":\"ReadAction\",\"target\":[\"https:\/\/bpf2024.flaw.uniba.sk\/sekcia-ustavneho-prava-2\/\"]}]},{\"@type\":\"BreadcrumbList\",\"@id\":\"https:\/\/bpf2024.flaw.uniba.sk\/sekcia-ustavneho-prava-2\/#breadcrumb\",\"itemListElement\":[{\"@type\":\"ListItem\",\"position\":1,\"name\":\"Home\",\"item\":\"https:\/\/bpf2024.flaw.uniba.sk\/\"},{\"@type\":\"ListItem\",\"position\":2,\"name\":\"Sekcia \u00fastavn\u00e9ho pr\u00e1va\"}]},{\"@type\":\"WebSite\",\"@id\":\"https:\/\/bpf2024.flaw.uniba.sk\/#website\",\"url\":\"https:\/\/bpf2024.flaw.uniba.sk\/\",\"name\":\"BPF\",\"description\":\"\",\"publisher\":{\"@id\":\"https:\/\/bpf2024.flaw.uniba.sk\/#organization\"},\"potentialAction\":[{\"@type\":\"SearchAction\",\"target\":{\"@type\":\"EntryPoint\",\"urlTemplate\":\"https:\/\/bpf2024.flaw.uniba.sk\/?s={search_term_string}\"},\"query-input\":{\"@type\":\"PropertyValueSpecification\",\"valueRequired\":true,\"valueName\":\"search_term_string\"}}],\"inLanguage\":\"en-US\"},{\"@type\":\"Organization\",\"@id\":\"https:\/\/bpf2024.flaw.uniba.sk\/#organization\",\"name\":\"BPF\",\"url\":\"https:\/\/bpf2024.flaw.uniba.sk\/\",\"logo\":{\"@type\":\"ImageObject\",\"inLanguage\":\"en-US\",\"@id\":\"https:\/\/bpf2024.flaw.uniba.sk\/#\/schema\/logo\/image\/\",\"url\":\"https:\/\/bpf2024.flaw.uniba.sk\/wp-content\/uploads\/2024\/09\/cropped-logo-vlavo-sj.png\",\"contentUrl\":\"https:\/\/bpf2024.flaw.uniba.sk\/wp-content\/uploads\/2024\/09\/cropped-logo-vlavo-sj.png\",\"width\":2477,\"height\":1861,\"caption\":\"BPF\"},\"image\":{\"@id\":\"https:\/\/bpf2024.flaw.uniba.sk\/#\/schema\/logo\/image\/\"}}]}<\/script>\n<!-- \/ Yoast SEO plugin. -->","yoast_head_json":{"title":"Sekcia \u00fastavn\u00e9ho pr\u00e1va - BPF","robots":{"index":"index","follow":"follow","max-snippet":"max-snippet:-1","max-image-preview":"max-image-preview:large","max-video-preview":"max-video-preview:-1"},"canonical":"https:\/\/bpf2024.flaw.uniba.sk\/en\/sekcia-ustavneho-prava-2\/","og_locale":"en_US","og_type":"article","og_title":"Sekcia \u00fastavn\u00e9ho pr\u00e1va - BPF","og_description":"Dvadsa\u0165 rokov dial\u00f3gu medzi \u00dastavou a pr\u00e1vom Eur\u00f3pskej \u00fanie Eur\u00f3pska \u00fania sa 1. m\u00e1ja 2004 roz\u0161\u00edrila o desa\u0165 nov\u00fdch \u010dlensk\u00fdch \u0161t\u00e1tov, medzi ktor\u00fdmi bolo aj Slovensko. Po\u010das n\u00e1sledn\u00fdch dvadsiatich rokov do\u0161lo k fundament\u00e1lnym zmen\u00e1m \u00fastavnopr\u00e1vnej architekt\u00fary nielen v Eur\u00f3pskej \u00fanii, ale aj na \u00farovni mnoh\u00fdch \u010dlensk\u00fdch \u0161t\u00e1tov. Tieto zmeny bezprostredne ovplyvnili obe ve\u013ek\u00e9 dimenzie \u00fastavn\u00e9ho [&hellip;]","og_url":"https:\/\/bpf2024.flaw.uniba.sk\/en\/sekcia-ustavneho-prava-2\/","og_site_name":"BPF","article_modified_time":"2024-05-14T12:00:26+00:00","twitter_card":"summary_large_image","twitter_misc":{"Est. reading time":"1 minute"},"schema":{"@context":"https:\/\/schema.org","@graph":[{"@type":"WebPage","@id":"https:\/\/bpf2024.flaw.uniba.sk\/sekcia-ustavneho-prava-2\/","url":"https:\/\/bpf2024.flaw.uniba.sk\/sekcia-ustavneho-prava-2\/","name":"Sekcia \u00fastavn\u00e9ho pr\u00e1va - BPF","isPartOf":{"@id":"https:\/\/bpf2024.flaw.uniba.sk\/#website"},"datePublished":"2022-07-15T07:41:02+00:00","dateModified":"2024-05-14T12:00:26+00:00","breadcrumb":{"@id":"https:\/\/bpf2024.flaw.uniba.sk\/sekcia-ustavneho-prava-2\/#breadcrumb"},"inLanguage":"en-US","potentialAction":[{"@type":"ReadAction","target":["https:\/\/bpf2024.flaw.uniba.sk\/sekcia-ustavneho-prava-2\/"]}]},{"@type":"BreadcrumbList","@id":"https:\/\/bpf2024.flaw.uniba.sk\/sekcia-ustavneho-prava-2\/#breadcrumb","itemListElement":[{"@type":"ListItem","position":1,"name":"Home","item":"https:\/\/bpf2024.flaw.uniba.sk\/"},{"@type":"ListItem","position":2,"name":"Sekcia \u00fastavn\u00e9ho pr\u00e1va"}]},{"@type":"WebSite","@id":"https:\/\/bpf2024.flaw.uniba.sk\/#website","url":"https:\/\/bpf2024.flaw.uniba.sk\/","name":"BLF","description":"","publisher":{"@id":"https:\/\/bpf2024.flaw.uniba.sk\/#organization"},"potentialAction":[{"@type":"SearchAction","target":{"@type":"EntryPoint","urlTemplate":"https:\/\/bpf2024.flaw.uniba.sk\/?s={search_term_string}"},"query-input":{"@type":"PropertyValueSpecification","valueRequired":true,"valueName":"search_term_string"}}],"inLanguage":"en-US"},{"@type":"Organization","@id":"https:\/\/bpf2024.flaw.uniba.sk\/#organization","name":"BLF","url":"https:\/\/bpf2024.flaw.uniba.sk\/","logo":{"@type":"ImageObject","inLanguage":"en-US","@id":"https:\/\/bpf2024.flaw.uniba.sk\/#\/schema\/logo\/image\/","url":"https:\/\/bpf2024.flaw.uniba.sk\/wp-content\/uploads\/2024\/09\/cropped-logo-vlavo-sj.png","contentUrl":"https:\/\/bpf2024.flaw.uniba.sk\/wp-content\/uploads\/2024\/09\/cropped-logo-vlavo-sj.png","width":2477,"height":1861,"caption":"BPF"},"image":{"@id":"https:\/\/bpf2024.flaw.uniba.sk\/#\/schema\/logo\/image\/"}}]}},"_links":{"self":[{"href":"https:\/\/bpf2024.flaw.uniba.sk\/en\/wp-json\/wp\/v2\/pages\/564","targetHints":{"allow":["GET"]}}],"collection":[{"href":"https:\/\/bpf2024.flaw.uniba.sk\/en\/wp-json\/wp\/v2\/pages"}],"about":[{"href":"https:\/\/bpf2024.flaw.uniba.sk\/en\/wp-json\/wp\/v2\/types\/page"}],"author":[{"embeddable":true,"href":"https:\/\/bpf2024.flaw.uniba.sk\/en\/wp-json\/wp\/v2\/users\/2"}],"replies":[{"embeddable":true,"href":"https:\/\/bpf2024.flaw.uniba.sk\/en\/wp-json\/wp\/v2\/comments?post=564"}],"version-history":[{"count":8,"href":"https:\/\/bpf2024.flaw.uniba.sk\/en\/wp-json\/wp\/v2\/pages\/564\/revisions"}],"predecessor-version":[{"id":1313,"href":"https:\/\/bpf2024.flaw.uniba.sk\/en\/wp-json\/wp\/v2\/pages\/564\/revisions\/1313"}],"wp:attachment":[{"href":"https:\/\/bpf2024.flaw.uniba.sk\/en\/wp-json\/wp\/v2\/media?parent=564"}],"curies":[{"name":"wp","href":"https:\/\/api.w.org\/{rel}","templated":true}]}}

<h2 class="wp-block-heading alignwide has-text-align-center">Twenty Years of Dialogue Between the Constitution and the Law of the European Union</h2>



<p class="has-drop-cap">On May 1, 2004, ten new member states including Slovakia entered the European Union. During the following twenty years, there were fundamental changes in the constitutional architecture not only in the European Union, but also at the level of many member states. These changes directly affected both large dimensions of constitutional law – the separation of powers and the protection of fundamental rights and freedoms. This development also included a constitutional dialogue between the Court of Justice of the European Union and the highest judicial authorities of the member states. The section welcomes contributions that will analyse the past two decades from the perspective of the science of constitutional law, as well as contributions of a comparative nature.</p>



<p><strong>Guarantors of the section: </strong></p>



<p>prof. JUDr. Marián Giba, PhD.</p>



<p>prof. JUDr. Ladislav Orosz, CSc.</p>

<p>Dvadsať rokov dialógu medzi Ústavou a právom Európskej únie Európska únia sa 1. mája 2004 rozšírila o desať nových členských štátov, medzi ktorými bolo aj Slovensko. Počas následných dvadsiatich rokov došlo k fundamentálnym zmenám ústavnoprávnej architektúry nielen v Európskej únii, ale aj na úrovni mnohých členských štátov. Tieto zmeny bezprostredne ovplyvnili obe veľké dimenzie ústavného [&hellip;]</p>

<!-- This site is optimized with the Yoast SEO plugin v27.2 - https://yoast.com/product/yoast-seo-wordpress/ -->
<title>Sekcia ústavného práva - BPF</title>
<meta name="robots" content="index, follow, max-snippet:-1, max-image-preview:large, max-video-preview:-1" />
<link rel="canonical" href="https://bpf2024.flaw.uniba.sk/en/sekcia-ustavneho-prava-2/" />
<meta property="og:locale" content="en_US" />
<meta property="og:type" content="article" />
<meta property="og:title" content="Sekcia ústavného práva - BPF" />
<meta property="og:description" content="Dvadsať rokov dialógu medzi Ústavou a právom Európskej únie Európska únia sa 1. mája 2004 rozšírila o desať nových členských štátov, medzi ktorými bolo aj Slovensko. Počas následných dvadsiatich rokov došlo k fundamentálnym zmenám ústavnoprávnej architektúry nielen v Európskej únii, ale aj na úrovni mnohých členských štátov. Tieto zmeny bezprostredne ovplyvnili obe veľké dimenzie ústavného [&hellip;]" />
<meta property="og:url" content="https://bpf2024.flaw.uniba.sk/en/sekcia-ustavneho-prava-2/" />
<meta property="og:site_name" content="BPF" />
<meta property="article:modified_time" content="2024-05-14T12:00:26+00:00" />
<meta name="twitter:card" content="summary_large_image" />
<meta name="twitter:label1" content="Est. reading time" />
	<meta name="twitter:data1" content="1 minute" />
<script type="application/ld+json" class="yoast-schema-graph">{"@context":"https://schema.org","@graph":[{"@type":"WebPage","@id":"https://bpf2024.flaw.uniba.sk/sekcia-ustavneho-prava-2/","url":"https://bpf2024.flaw.uniba.sk/sekcia-ustavneho-prava-2/","name":"Sekcia ústavného práva - BPF","isPartOf":{"@id":"https://bpf2024.flaw.uniba.sk/#website"},"datePublished":"2022-07-15T07:41:02+00:00","dateModified":"2024-05-14T12:00:26+00:00","breadcrumb":{"@id":"https://bpf2024.flaw.uniba.sk/sekcia-ustavneho-prava-2/#breadcrumb"},"inLanguage":"en-US","potentialAction":[{"@type":"ReadAction","target":["https://bpf2024.flaw.uniba.sk/sekcia-ustavneho-prava-2/"]}]},{"@type":"BreadcrumbList","@id":"https://bpf2024.flaw.uniba.sk/sekcia-ustavneho-prava-2/#breadcrumb","itemListElement":[{"@type":"ListItem","position":1,"name":"Home","item":"https://bpf2024.flaw.uniba.sk/"},{"@type":"ListItem","position":2,"name":"Sekcia ústavného práva"}]},{"@type":"WebSite","@id":"https://bpf2024.flaw.uniba.sk/#website","url":"https://bpf2024.flaw.uniba.sk/","name":"BPF","description":"","publisher":{"@id":"https://bpf2024.flaw.uniba.sk/#organization"},"potentialAction":[{"@type":"SearchAction","target":{"@type":"EntryPoint","urlTemplate":"https://bpf2024.flaw.uniba.sk/?s={search_term_string}"},"query-input":{"@type":"PropertyValueSpecification","valueRequired":true,"valueName":"search_term_string"}}],"inLanguage":"en-US"},{"@type":"Organization","@id":"https://bpf2024.flaw.uniba.sk/#organization","name":"BPF","url":"https://bpf2024.flaw.uniba.sk/","logo":{"@type":"ImageObject","inLanguage":"en-US","@id":"https://bpf2024.flaw.uniba.sk/#/schema/logo/image/","url":"https://bpf2024.flaw.uniba.sk/wp-content/uploads/2024/09/cropped-logo-vlavo-sj.png","contentUrl":"https://bpf2024.flaw.uniba.sk/wp-content/uploads/2024/09/cropped-logo-vlavo-sj.png","width":2477,"height":1861,"caption":"BPF"},"image":{"@id":"https://bpf2024.flaw.uniba.sk/#/schema/logo/image/"}}]}</script>
<!-- / Yoast SEO plugin. -->

Sekcia ústavného práva - BPF

Dvadsať rokov dialógu medzi Ústavou a právom Európskej únie Európska únia sa 1. mája 2004 rozšírila o desať nových členských štátov, medzi ktorými bolo aj Slovensko. Počas následných dvadsiatich rokov došlo k fundamentálnym zmenám ústavnoprávnej architektúry nielen v Európskej únii, ale aj na úrovni mnohých členských štátov. Tieto zmeny bezprostredne ovplyvnili obe veľké dimenzie ústavného [&hellip;]

Sekcia ústavného práva
