{"id":389,"date":"2021-03-17T13:23:44","date_gmt":"2021-03-17T12:23:44","guid":{"rendered":"https:\/\/bpf.flaw.uniba.sk\/?page_id=389"},"modified":"2024-05-14T14:09:13","modified_gmt":"2024-05-14T12:09:13","slug":"sekcia-pracovneho-prava-a-psz","status":"publish","type":"page","link":"https:\/\/bpf2024.flaw.uniba.sk\/en\/sekcia-pracovneho-prava-a-psz\/","title":{"rendered":"Labour Law and Social Security Law Section"},"content":{"rendered":"<h2 class=\"wp-block-heading alignwide has-text-align-center\">Working and Living Conditions of Women in the 21st Century<\/h2>\n\n\n\n<p class=\"has-drop-cap\">Persistent discrimination against women on the labour market has been exacerbated in recent years by the consequences of the pandemic and war. In addition to the financial (in) security of the family, working women had to take care of the children and the household, which is especially hard on single mothers and women who have nowhere to put their children due to the absence of preschool facilities. At the same time, the conditions of the labour market are constantly changing, the majority of vacant positions are in the technical sector and many occupations are threatened with cancellation due to artificial intelligence, which will mostly affect women working in services. This section is focused on the position of women on the labour market in times of crisis as well as in the period of the expected arrival of AI on the labour market. The focus is multidisciplinary, a view on the issues of gender equality, unpaid work, social protection and working conditions of women on the labour market is welcome.<\/p>\n\n\n\n<p><\/p>\n\n\n\n<p><strong>Guarantors of the section:<\/strong><\/p>\n\n\n\n<p>doc. JUDr. Lenka Freel, PhD.<\/p>","protected":false},"excerpt":{"rendered":"<p>Pracovn\u00e9 a \u017eivotn\u00e9 podmienky \u017eien v 21. storo\u010d\u00ed Pretrv\u00e1vaj\u00facu diskrimin\u00e1ciu \u017eien na trhu pr\u00e1ce preh\u013abili v ostatn\u00fdch rokoch n\u00e1sledky pand\u00e9mie a vojny. \u017deny vykon\u00e1vaj\u00face pr\u00e1cu v prv\u00fdch l\u00edni\u00e1ch museli a musia okrem finan\u010dn\u00e9ho zabezpe\u010denia rodiny unies\u0165 aj starostlivos\u0165 o deti \u010di dom\u00e1cnos\u0165, \u010do poci\u0165uj\u00fa najm\u00e4 samo\u017eivite\u013eky ako aj \u017eeny, ktor\u00e9 nemaj\u00fa kam umiestni\u0165 svoje deti [&hellip;]<\/p>\n","protected":false},"author":2,"featured_media":0,"parent":0,"menu_order":0,"comment_status":"closed","ping_status":"closed","template":"","meta":{"ngg_post_thumbnail":0,"footnotes":""},"class_list":["post-389","page","type-page","status-publish","hentry"],"yoast_head":"<!-- This site is optimized with the Yoast SEO plugin v27.2 - https:\/\/yoast.com\/product\/yoast-seo-wordpress\/ -->\n<title>Sekcia pracovn\u00e9ho pr\u00e1va a\u00a0pr\u00e1va soci\u00e1lneho zabezpe\u010denia - BPF<\/title>\n<meta name=\"robots\" content=\"index, follow, max-snippet:-1, max-image-preview:large, max-video-preview:-1\" \/>\n<link rel=\"canonical\" href=\"https:\/\/bpf2024.flaw.uniba.sk\/en\/sekcia-pracovneho-prava-a-psz\/\" \/>\n<meta property=\"og:locale\" content=\"en_US\" \/>\n<meta property=\"og:type\" content=\"article\" \/>\n<meta property=\"og:title\" content=\"Sekcia pracovn\u00e9ho pr\u00e1va a\u00a0pr\u00e1va soci\u00e1lneho zabezpe\u010denia - BPF\" \/>\n<meta property=\"og:description\" content=\"Pracovn\u00e9 a \u017eivotn\u00e9 podmienky \u017eien v 21. storo\u010d\u00ed Pretrv\u00e1vaj\u00facu diskrimin\u00e1ciu \u017eien na trhu pr\u00e1ce preh\u013abili v ostatn\u00fdch rokoch n\u00e1sledky pand\u00e9mie a vojny. \u017deny vykon\u00e1vaj\u00face pr\u00e1cu v prv\u00fdch l\u00edni\u00e1ch museli a musia okrem finan\u010dn\u00e9ho zabezpe\u010denia rodiny unies\u0165 aj starostlivos\u0165 o deti \u010di dom\u00e1cnos\u0165, \u010do poci\u0165uj\u00fa najm\u00e4 samo\u017eivite\u013eky ako aj \u017eeny, ktor\u00e9 nemaj\u00fa kam umiestni\u0165 svoje deti [&hellip;]\" \/>\n<meta property=\"og:url\" content=\"https:\/\/bpf2024.flaw.uniba.sk\/en\/sekcia-pracovneho-prava-a-psz\/\" \/>\n<meta property=\"og:site_name\" content=\"BPF\" \/>\n<meta property=\"article:modified_time\" content=\"2024-05-14T12:09:13+00:00\" \/>\n<meta name=\"twitter:card\" content=\"summary_large_image\" \/>\n<meta name=\"twitter:label1\" content=\"Est. reading time\" \/>\n\t<meta name=\"twitter:data1\" content=\"1 minute\" \/>\n<script type=\"application\/ld+json\" class=\"yoast-schema-graph\">{\"@context\":\"https:\/\/schema.org\",\"@graph\":[{\"@type\":\"WebPage\",\"@id\":\"https:\/\/bpf2024.flaw.uniba.sk\/sekcia-pracovneho-prava-a-psz\/\",\"url\":\"https:\/\/bpf2024.flaw.uniba.sk\/sekcia-pracovneho-prava-a-psz\/\",\"name\":\"Sekcia pracovn\u00e9ho pr\u00e1va a\u00a0pr\u00e1va soci\u00e1lneho zabezpe\u010denia - BPF\",\"isPartOf\":{\"@id\":\"https:\/\/bpf2024.flaw.uniba.sk\/#website\"},\"datePublished\":\"2021-03-17T12:23:44+00:00\",\"dateModified\":\"2024-05-14T12:09:13+00:00\",\"breadcrumb\":{\"@id\":\"https:\/\/bpf2024.flaw.uniba.sk\/sekcia-pracovneho-prava-a-psz\/#breadcrumb\"},\"inLanguage\":\"en-US\",\"potentialAction\":[{\"@type\":\"ReadAction\",\"target\":[\"https:\/\/bpf2024.flaw.uniba.sk\/sekcia-pracovneho-prava-a-psz\/\"]}]},{\"@type\":\"BreadcrumbList\",\"@id\":\"https:\/\/bpf2024.flaw.uniba.sk\/sekcia-pracovneho-prava-a-psz\/#breadcrumb\",\"itemListElement\":[{\"@type\":\"ListItem\",\"position\":1,\"name\":\"Home\",\"item\":\"https:\/\/bpf2024.flaw.uniba.sk\/\"},{\"@type\":\"ListItem\",\"position\":2,\"name\":\"Sekcia pracovn\u00e9ho pr\u00e1va a\u00a0pr\u00e1va soci\u00e1lneho zabezpe\u010denia\"}]},{\"@type\":\"WebSite\",\"@id\":\"https:\/\/bpf2024.flaw.uniba.sk\/#website\",\"url\":\"https:\/\/bpf2024.flaw.uniba.sk\/\",\"name\":\"BPF\",\"description\":\"\",\"publisher\":{\"@id\":\"https:\/\/bpf2024.flaw.uniba.sk\/#organization\"},\"potentialAction\":[{\"@type\":\"SearchAction\",\"target\":{\"@type\":\"EntryPoint\",\"urlTemplate\":\"https:\/\/bpf2024.flaw.uniba.sk\/?s={search_term_string}\"},\"query-input\":{\"@type\":\"PropertyValueSpecification\",\"valueRequired\":true,\"valueName\":\"search_term_string\"}}],\"inLanguage\":\"en-US\"},{\"@type\":\"Organization\",\"@id\":\"https:\/\/bpf2024.flaw.uniba.sk\/#organization\",\"name\":\"BPF\",\"url\":\"https:\/\/bpf2024.flaw.uniba.sk\/\",\"logo\":{\"@type\":\"ImageObject\",\"inLanguage\":\"en-US\",\"@id\":\"https:\/\/bpf2024.flaw.uniba.sk\/#\/schema\/logo\/image\/\",\"url\":\"https:\/\/bpf2024.flaw.uniba.sk\/wp-content\/uploads\/2024\/09\/cropped-logo-vlavo-sj.png\",\"contentUrl\":\"https:\/\/bpf2024.flaw.uniba.sk\/wp-content\/uploads\/2024\/09\/cropped-logo-vlavo-sj.png\",\"width\":2477,\"height\":1861,\"caption\":\"BPF\"},\"image\":{\"@id\":\"https:\/\/bpf2024.flaw.uniba.sk\/#\/schema\/logo\/image\/\"}}]}<\/script>\n<!-- \/ Yoast SEO plugin. -->","yoast_head_json":{"title":"Sekcia pracovn\u00e9ho pr\u00e1va a\u00a0pr\u00e1va soci\u00e1lneho zabezpe\u010denia - BPF","robots":{"index":"index","follow":"follow","max-snippet":"max-snippet:-1","max-image-preview":"max-image-preview:large","max-video-preview":"max-video-preview:-1"},"canonical":"https:\/\/bpf2024.flaw.uniba.sk\/en\/sekcia-pracovneho-prava-a-psz\/","og_locale":"en_US","og_type":"article","og_title":"Sekcia pracovn\u00e9ho pr\u00e1va a\u00a0pr\u00e1va soci\u00e1lneho zabezpe\u010denia - BPF","og_description":"Pracovn\u00e9 a \u017eivotn\u00e9 podmienky \u017eien v 21. storo\u010d\u00ed Pretrv\u00e1vaj\u00facu diskrimin\u00e1ciu \u017eien na trhu pr\u00e1ce preh\u013abili v ostatn\u00fdch rokoch n\u00e1sledky pand\u00e9mie a vojny. \u017deny vykon\u00e1vaj\u00face pr\u00e1cu v prv\u00fdch l\u00edni\u00e1ch museli a musia okrem finan\u010dn\u00e9ho zabezpe\u010denia rodiny unies\u0165 aj starostlivos\u0165 o deti \u010di dom\u00e1cnos\u0165, \u010do poci\u0165uj\u00fa najm\u00e4 samo\u017eivite\u013eky ako aj \u017eeny, ktor\u00e9 nemaj\u00fa kam umiestni\u0165 svoje deti [&hellip;]","og_url":"https:\/\/bpf2024.flaw.uniba.sk\/en\/sekcia-pracovneho-prava-a-psz\/","og_site_name":"BPF","article_modified_time":"2024-05-14T12:09:13+00:00","twitter_card":"summary_large_image","twitter_misc":{"Est. reading time":"1 minute"},"schema":{"@context":"https:\/\/schema.org","@graph":[{"@type":"WebPage","@id":"https:\/\/bpf2024.flaw.uniba.sk\/sekcia-pracovneho-prava-a-psz\/","url":"https:\/\/bpf2024.flaw.uniba.sk\/sekcia-pracovneho-prava-a-psz\/","name":"Sekcia pracovn\u00e9ho pr\u00e1va a\u00a0pr\u00e1va soci\u00e1lneho zabezpe\u010denia - BPF","isPartOf":{"@id":"https:\/\/bpf2024.flaw.uniba.sk\/#website"},"datePublished":"2021-03-17T12:23:44+00:00","dateModified":"2024-05-14T12:09:13+00:00","breadcrumb":{"@id":"https:\/\/bpf2024.flaw.uniba.sk\/sekcia-pracovneho-prava-a-psz\/#breadcrumb"},"inLanguage":"en-US","potentialAction":[{"@type":"ReadAction","target":["https:\/\/bpf2024.flaw.uniba.sk\/sekcia-pracovneho-prava-a-psz\/"]}]},{"@type":"BreadcrumbList","@id":"https:\/\/bpf2024.flaw.uniba.sk\/sekcia-pracovneho-prava-a-psz\/#breadcrumb","itemListElement":[{"@type":"ListItem","position":1,"name":"Home","item":"https:\/\/bpf2024.flaw.uniba.sk\/"},{"@type":"ListItem","position":2,"name":"Sekcia pracovn\u00e9ho pr\u00e1va a\u00a0pr\u00e1va soci\u00e1lneho zabezpe\u010denia"}]},{"@type":"WebSite","@id":"https:\/\/bpf2024.flaw.uniba.sk\/#website","url":"https:\/\/bpf2024.flaw.uniba.sk\/","name":"BLF","description":"","publisher":{"@id":"https:\/\/bpf2024.flaw.uniba.sk\/#organization"},"potentialAction":[{"@type":"SearchAction","target":{"@type":"EntryPoint","urlTemplate":"https:\/\/bpf2024.flaw.uniba.sk\/?s={search_term_string}"},"query-input":{"@type":"PropertyValueSpecification","valueRequired":true,"valueName":"search_term_string"}}],"inLanguage":"en-US"},{"@type":"Organization","@id":"https:\/\/bpf2024.flaw.uniba.sk\/#organization","name":"BLF","url":"https:\/\/bpf2024.flaw.uniba.sk\/","logo":{"@type":"ImageObject","inLanguage":"en-US","@id":"https:\/\/bpf2024.flaw.uniba.sk\/#\/schema\/logo\/image\/","url":"https:\/\/bpf2024.flaw.uniba.sk\/wp-content\/uploads\/2024\/09\/cropped-logo-vlavo-sj.png","contentUrl":"https:\/\/bpf2024.flaw.uniba.sk\/wp-content\/uploads\/2024\/09\/cropped-logo-vlavo-sj.png","width":2477,"height":1861,"caption":"BPF"},"image":{"@id":"https:\/\/bpf2024.flaw.uniba.sk\/#\/schema\/logo\/image\/"}}]}},"_links":{"self":[{"href":"https:\/\/bpf2024.flaw.uniba.sk\/en\/wp-json\/wp\/v2\/pages\/389","targetHints":{"allow":["GET"]}}],"collection":[{"href":"https:\/\/bpf2024.flaw.uniba.sk\/en\/wp-json\/wp\/v2\/pages"}],"about":[{"href":"https:\/\/bpf2024.flaw.uniba.sk\/en\/wp-json\/wp\/v2\/types\/page"}],"author":[{"embeddable":true,"href":"https:\/\/bpf2024.flaw.uniba.sk\/en\/wp-json\/wp\/v2\/users\/2"}],"replies":[{"embeddable":true,"href":"https:\/\/bpf2024.flaw.uniba.sk\/en\/wp-json\/wp\/v2\/comments?post=389"}],"version-history":[{"count":8,"href":"https:\/\/bpf2024.flaw.uniba.sk\/en\/wp-json\/wp\/v2\/pages\/389\/revisions"}],"predecessor-version":[{"id":1329,"href":"https:\/\/bpf2024.flaw.uniba.sk\/en\/wp-json\/wp\/v2\/pages\/389\/revisions\/1329"}],"wp:attachment":[{"href":"https:\/\/bpf2024.flaw.uniba.sk\/en\/wp-json\/wp\/v2\/media?parent=389"}],"curies":[{"name":"wp","href":"https:\/\/api.w.org\/{rel}","templated":true}]}}

<p>Pracovné a životné podmienky žien v 21. storočí Pretrvávajúcu diskrimináciu žien na trhu práce prehĺbili v ostatných rokoch následky pandémie a vojny. Ženy vykonávajúce prácu v prvých líniách museli a musia okrem finančného zabezpečenia rodiny uniesť aj starostlivosť o deti či domácnosť, čo pociťujú najmä samoživiteľky ako aj ženy, ktoré nemajú kam umiestniť svoje deti [&hellip;]</p>

<!-- This site is optimized with the Yoast SEO plugin v27.2 - https://yoast.com/product/yoast-seo-wordpress/ -->
<title>Sekcia pracovného práva a práva sociálneho zabezpečenia - BPF</title>
<meta name="robots" content="index, follow, max-snippet:-1, max-image-preview:large, max-video-preview:-1" />
<link rel="canonical" href="https://bpf2024.flaw.uniba.sk/en/sekcia-pracovneho-prava-a-psz/" />
<meta property="og:locale" content="en_US" />
<meta property="og:type" content="article" />
<meta property="og:title" content="Sekcia pracovného práva a práva sociálneho zabezpečenia - BPF" />
<meta property="og:description" content="Pracovné a životné podmienky žien v 21. storočí Pretrvávajúcu diskrimináciu žien na trhu práce prehĺbili v ostatných rokoch následky pandémie a vojny. Ženy vykonávajúce prácu v prvých líniách museli a musia okrem finančného zabezpečenia rodiny uniesť aj starostlivosť o deti či domácnosť, čo pociťujú najmä samoživiteľky ako aj ženy, ktoré nemajú kam umiestniť svoje deti [&hellip;]" />
<meta property="og:url" content="https://bpf2024.flaw.uniba.sk/en/sekcia-pracovneho-prava-a-psz/" />
<meta property="og:site_name" content="BPF" />
<meta property="article:modified_time" content="2024-05-14T12:09:13+00:00" />
<meta name="twitter:card" content="summary_large_image" />
<meta name="twitter:label1" content="Est. reading time" />
	<meta name="twitter:data1" content="1 minute" />
<script type="application/ld+json" class="yoast-schema-graph">{"@context":"https://schema.org","@graph":[{"@type":"WebPage","@id":"https://bpf2024.flaw.uniba.sk/sekcia-pracovneho-prava-a-psz/","url":"https://bpf2024.flaw.uniba.sk/sekcia-pracovneho-prava-a-psz/","name":"Sekcia pracovného práva a práva sociálneho zabezpečenia - BPF","isPartOf":{"@id":"https://bpf2024.flaw.uniba.sk/#website"},"datePublished":"2021-03-17T12:23:44+00:00","dateModified":"2024-05-14T12:09:13+00:00","breadcrumb":{"@id":"https://bpf2024.flaw.uniba.sk/sekcia-pracovneho-prava-a-psz/#breadcrumb"},"inLanguage":"en-US","potentialAction":[{"@type":"ReadAction","target":["https://bpf2024.flaw.uniba.sk/sekcia-pracovneho-prava-a-psz/"]}]},{"@type":"BreadcrumbList","@id":"https://bpf2024.flaw.uniba.sk/sekcia-pracovneho-prava-a-psz/#breadcrumb","itemListElement":[{"@type":"ListItem","position":1,"name":"Home","item":"https://bpf2024.flaw.uniba.sk/"},{"@type":"ListItem","position":2,"name":"Sekcia pracovného práva a práva sociálneho zabezpečenia"}]},{"@type":"WebSite","@id":"https://bpf2024.flaw.uniba.sk/#website","url":"https://bpf2024.flaw.uniba.sk/","name":"BPF","description":"","publisher":{"@id":"https://bpf2024.flaw.uniba.sk/#organization"},"potentialAction":[{"@type":"SearchAction","target":{"@type":"EntryPoint","urlTemplate":"https://bpf2024.flaw.uniba.sk/?s={search_term_string}"},"query-input":{"@type":"PropertyValueSpecification","valueRequired":true,"valueName":"search_term_string"}}],"inLanguage":"en-US"},{"@type":"Organization","@id":"https://bpf2024.flaw.uniba.sk/#organization","name":"BPF","url":"https://bpf2024.flaw.uniba.sk/","logo":{"@type":"ImageObject","inLanguage":"en-US","@id":"https://bpf2024.flaw.uniba.sk/#/schema/logo/image/","url":"https://bpf2024.flaw.uniba.sk/wp-content/uploads/2024/09/cropped-logo-vlavo-sj.png","contentUrl":"https://bpf2024.flaw.uniba.sk/wp-content/uploads/2024/09/cropped-logo-vlavo-sj.png","width":2477,"height":1861,"caption":"BPF"},"image":{"@id":"https://bpf2024.flaw.uniba.sk/#/schema/logo/image/"}}]}</script>
<!-- / Yoast SEO plugin. -->

Sekcia pracovného práva a práva sociálneho zabezpečenia - BPF

Pracovné a životné podmienky žien v 21. storočí Pretrvávajúcu diskrimináciu žien na trhu práce prehĺbili v ostatných rokoch následky pandémie a vojny. Ženy vykonávajúce prácu v prvých líniách museli a musia okrem finančného zabezpečenia rodiny uniesť aj starostlivosť o deti či domácnosť, čo pociťujú najmä samoživiteľky ako aj ženy, ktoré nemajú kam umiestniť svoje deti [&hellip;]

Sekcia pracovného práva a práva sociálneho zabezpečenia
