{"id":369,"date":"2021-03-17T13:19:16","date_gmt":"2021-03-17T12:19:16","guid":{"rendered":"https:\/\/bpf.flaw.uniba.sk\/?page_id=369"},"modified":"2024-05-14T14:02:22","modified_gmt":"2024-05-14T12:02:22","slug":"sekcia-spravneho-environmentalneho-prava-2","status":"publish","type":"page","link":"https:\/\/bpf2024.flaw.uniba.sk\/en\/sekcia-spravneho-environmentalneho-prava-2\/","title":{"rendered":"Administrative Law and Environmental Law Section"},"content":{"rendered":"<h2 class=\"wp-block-heading alignwide has-text-align-center\"><strong>Procedural Principles of the Right to a Fair Trial in Administrative Punishment<\/strong><\/h2>\n\n\n\n<p>The section shall focus on the application of procedural principles in the legal regulation of administrative punishment. Both the legislature and the case-law impose a number of requirements on the imposition of liability by public administration bodies. These are both substantive and procedural in nature and derive from the national legal order as well as from the international obligations of the state. The section will reflect on procedural principles of administrative punishment such as: a) procedural aspects of the principle of ne bis in idem, b) the right to be legally represented, c) the right to a hearing, including access to the case file, d) the right to provide reasons for the decision, e) the right to appeal, including the right to have the decision reviewed by an independent and impartial court, and others. Therefore, the Section welcomes papers that will analyse the procedural principles of administrative punishment, not only from a theoretical perspective, but also from a practical perspective, by analysing and synthesising the challenges faced by public administrative bodies in the field of administrative punishment. We would particularly welcome papers that also define the requirements placed on the decision-making practice of public administration bodies and on the decision-making practice of administrative courts, constitutional courts, the European Court of Human Rights or the Court of Justice of the European Union.<\/p>\n\n\n\n<p><\/p>\n\n\n\n<p><strong>Guarantors of the section:<\/strong><\/p>\n\n\n\n<p>doc. JUDr. Matej Horvat, PhD.<\/p>\n\n\n\n<p>prof. Mgr. Yuliia Vashchenko, PhD.<\/p>","protected":false},"excerpt":{"rendered":"<p>Procesn\u00e9 z\u00e1sady pr\u00e1va na spravodliv\u00fd proces v spr\u00e1vnom trestan\u00ed Sekcia sa zameriava na uplat\u0148ovanie procesn\u00fdch z\u00e1sad v pr\u00e1vnej \u00faprave spr\u00e1vneho trestania. Z\u00e1konodarn\u00e1, ako aj s\u00fadna moc klad\u00fa na vyvodzovanie zodpovednosti verejnou spr\u00e1vou viacer\u00e9 po\u017eiadavky. Tie s\u00fa tak hmotnopr\u00e1vneho, ako aj procesnopr\u00e1vneho charakteru, pri\u010dom vypl\u00fdvaj\u00fa z n\u00e1rodn\u00e9ho pr\u00e1vneho poriadku, ako aj z medzin\u00e1rodn\u00fdch z\u00e1v\u00e4zkov \u0161t\u00e1tu. Sekcia [&hellip;]<\/p>\n","protected":false},"author":2,"featured_media":0,"parent":0,"menu_order":0,"comment_status":"closed","ping_status":"closed","template":"","meta":{"ngg_post_thumbnail":0,"footnotes":""},"class_list":["post-369","page","type-page","status-publish","hentry"],"yoast_head":"<!-- This site is optimized with the Yoast SEO plugin v27.2 - https:\/\/yoast.com\/product\/yoast-seo-wordpress\/ -->\n<title>Sekcia spr\u00e1vneho a environment\u00e1lneho pr\u00e1va - BPF<\/title>\n<meta name=\"robots\" content=\"index, follow, max-snippet:-1, max-image-preview:large, max-video-preview:-1\" \/>\n<link rel=\"canonical\" href=\"https:\/\/bpf2024.flaw.uniba.sk\/en\/sekcia-spravneho-environmentalneho-prava-2\/\" \/>\n<meta property=\"og:locale\" content=\"en_US\" \/>\n<meta property=\"og:type\" content=\"article\" \/>\n<meta property=\"og:title\" content=\"Sekcia spr\u00e1vneho a environment\u00e1lneho pr\u00e1va - BPF\" \/>\n<meta property=\"og:description\" content=\"Procesn\u00e9 z\u00e1sady pr\u00e1va na spravodliv\u00fd proces v spr\u00e1vnom trestan\u00ed Sekcia sa zameriava na uplat\u0148ovanie procesn\u00fdch z\u00e1sad v pr\u00e1vnej \u00faprave spr\u00e1vneho trestania. Z\u00e1konodarn\u00e1, ako aj s\u00fadna moc klad\u00fa na vyvodzovanie zodpovednosti verejnou spr\u00e1vou viacer\u00e9 po\u017eiadavky. Tie s\u00fa tak hmotnopr\u00e1vneho, ako aj procesnopr\u00e1vneho charakteru, pri\u010dom vypl\u00fdvaj\u00fa z n\u00e1rodn\u00e9ho pr\u00e1vneho poriadku, ako aj z medzin\u00e1rodn\u00fdch z\u00e1v\u00e4zkov \u0161t\u00e1tu. Sekcia [&hellip;]\" \/>\n<meta property=\"og:url\" content=\"https:\/\/bpf2024.flaw.uniba.sk\/en\/sekcia-spravneho-environmentalneho-prava-2\/\" \/>\n<meta property=\"og:site_name\" content=\"BPF\" \/>\n<meta property=\"article:modified_time\" content=\"2024-05-14T12:02:22+00:00\" \/>\n<meta name=\"twitter:card\" content=\"summary_large_image\" \/>\n<meta name=\"twitter:label1\" content=\"Est. reading time\" \/>\n\t<meta name=\"twitter:data1\" content=\"2 minutes\" \/>\n<script type=\"application\/ld+json\" class=\"yoast-schema-graph\">{\"@context\":\"https:\/\/schema.org\",\"@graph\":[{\"@type\":\"WebPage\",\"@id\":\"https:\/\/bpf2024.flaw.uniba.sk\/sekcia-spravneho-environmentalneho-prava-2\/\",\"url\":\"https:\/\/bpf2024.flaw.uniba.sk\/sekcia-spravneho-environmentalneho-prava-2\/\",\"name\":\"Sekcia spr\u00e1vneho a environment\u00e1lneho pr\u00e1va - BPF\",\"isPartOf\":{\"@id\":\"https:\/\/bpf2024.flaw.uniba.sk\/#website\"},\"datePublished\":\"2021-03-17T12:19:16+00:00\",\"dateModified\":\"2024-05-14T12:02:22+00:00\",\"breadcrumb\":{\"@id\":\"https:\/\/bpf2024.flaw.uniba.sk\/sekcia-spravneho-environmentalneho-prava-2\/#breadcrumb\"},\"inLanguage\":\"en-US\",\"potentialAction\":[{\"@type\":\"ReadAction\",\"target\":[\"https:\/\/bpf2024.flaw.uniba.sk\/sekcia-spravneho-environmentalneho-prava-2\/\"]}]},{\"@type\":\"BreadcrumbList\",\"@id\":\"https:\/\/bpf2024.flaw.uniba.sk\/sekcia-spravneho-environmentalneho-prava-2\/#breadcrumb\",\"itemListElement\":[{\"@type\":\"ListItem\",\"position\":1,\"name\":\"Home\",\"item\":\"https:\/\/bpf2024.flaw.uniba.sk\/\"},{\"@type\":\"ListItem\",\"position\":2,\"name\":\"Sekcia spr\u00e1vneho a environment\u00e1lneho pr\u00e1va\"}]},{\"@type\":\"WebSite\",\"@id\":\"https:\/\/bpf2024.flaw.uniba.sk\/#website\",\"url\":\"https:\/\/bpf2024.flaw.uniba.sk\/\",\"name\":\"BPF\",\"description\":\"\",\"publisher\":{\"@id\":\"https:\/\/bpf2024.flaw.uniba.sk\/#organization\"},\"potentialAction\":[{\"@type\":\"SearchAction\",\"target\":{\"@type\":\"EntryPoint\",\"urlTemplate\":\"https:\/\/bpf2024.flaw.uniba.sk\/?s={search_term_string}\"},\"query-input\":{\"@type\":\"PropertyValueSpecification\",\"valueRequired\":true,\"valueName\":\"search_term_string\"}}],\"inLanguage\":\"en-US\"},{\"@type\":\"Organization\",\"@id\":\"https:\/\/bpf2024.flaw.uniba.sk\/#organization\",\"name\":\"BPF\",\"url\":\"https:\/\/bpf2024.flaw.uniba.sk\/\",\"logo\":{\"@type\":\"ImageObject\",\"inLanguage\":\"en-US\",\"@id\":\"https:\/\/bpf2024.flaw.uniba.sk\/#\/schema\/logo\/image\/\",\"url\":\"https:\/\/bpf2024.flaw.uniba.sk\/wp-content\/uploads\/2024\/09\/cropped-logo-vlavo-sj.png\",\"contentUrl\":\"https:\/\/bpf2024.flaw.uniba.sk\/wp-content\/uploads\/2024\/09\/cropped-logo-vlavo-sj.png\",\"width\":2477,\"height\":1861,\"caption\":\"BPF\"},\"image\":{\"@id\":\"https:\/\/bpf2024.flaw.uniba.sk\/#\/schema\/logo\/image\/\"}}]}<\/script>\n<!-- \/ Yoast SEO plugin. -->","yoast_head_json":{"title":"Sekcia spr\u00e1vneho a environment\u00e1lneho pr\u00e1va - BPF","robots":{"index":"index","follow":"follow","max-snippet":"max-snippet:-1","max-image-preview":"max-image-preview:large","max-video-preview":"max-video-preview:-1"},"canonical":"https:\/\/bpf2024.flaw.uniba.sk\/en\/sekcia-spravneho-environmentalneho-prava-2\/","og_locale":"en_US","og_type":"article","og_title":"Sekcia spr\u00e1vneho a environment\u00e1lneho pr\u00e1va - BPF","og_description":"Procesn\u00e9 z\u00e1sady pr\u00e1va na spravodliv\u00fd proces v spr\u00e1vnom trestan\u00ed Sekcia sa zameriava na uplat\u0148ovanie procesn\u00fdch z\u00e1sad v pr\u00e1vnej \u00faprave spr\u00e1vneho trestania. Z\u00e1konodarn\u00e1, ako aj s\u00fadna moc klad\u00fa na vyvodzovanie zodpovednosti verejnou spr\u00e1vou viacer\u00e9 po\u017eiadavky. Tie s\u00fa tak hmotnopr\u00e1vneho, ako aj procesnopr\u00e1vneho charakteru, pri\u010dom vypl\u00fdvaj\u00fa z n\u00e1rodn\u00e9ho pr\u00e1vneho poriadku, ako aj z medzin\u00e1rodn\u00fdch z\u00e1v\u00e4zkov \u0161t\u00e1tu. Sekcia [&hellip;]","og_url":"https:\/\/bpf2024.flaw.uniba.sk\/en\/sekcia-spravneho-environmentalneho-prava-2\/","og_site_name":"BPF","article_modified_time":"2024-05-14T12:02:22+00:00","twitter_card":"summary_large_image","twitter_misc":{"Est. reading time":"2 minutes"},"schema":{"@context":"https:\/\/schema.org","@graph":[{"@type":"WebPage","@id":"https:\/\/bpf2024.flaw.uniba.sk\/sekcia-spravneho-environmentalneho-prava-2\/","url":"https:\/\/bpf2024.flaw.uniba.sk\/sekcia-spravneho-environmentalneho-prava-2\/","name":"Sekcia spr\u00e1vneho a environment\u00e1lneho pr\u00e1va - BPF","isPartOf":{"@id":"https:\/\/bpf2024.flaw.uniba.sk\/#website"},"datePublished":"2021-03-17T12:19:16+00:00","dateModified":"2024-05-14T12:02:22+00:00","breadcrumb":{"@id":"https:\/\/bpf2024.flaw.uniba.sk\/sekcia-spravneho-environmentalneho-prava-2\/#breadcrumb"},"inLanguage":"en-US","potentialAction":[{"@type":"ReadAction","target":["https:\/\/bpf2024.flaw.uniba.sk\/sekcia-spravneho-environmentalneho-prava-2\/"]}]},{"@type":"BreadcrumbList","@id":"https:\/\/bpf2024.flaw.uniba.sk\/sekcia-spravneho-environmentalneho-prava-2\/#breadcrumb","itemListElement":[{"@type":"ListItem","position":1,"name":"Home","item":"https:\/\/bpf2024.flaw.uniba.sk\/"},{"@type":"ListItem","position":2,"name":"Sekcia spr\u00e1vneho a environment\u00e1lneho pr\u00e1va"}]},{"@type":"WebSite","@id":"https:\/\/bpf2024.flaw.uniba.sk\/#website","url":"https:\/\/bpf2024.flaw.uniba.sk\/","name":"BLF","description":"","publisher":{"@id":"https:\/\/bpf2024.flaw.uniba.sk\/#organization"},"potentialAction":[{"@type":"SearchAction","target":{"@type":"EntryPoint","urlTemplate":"https:\/\/bpf2024.flaw.uniba.sk\/?s={search_term_string}"},"query-input":{"@type":"PropertyValueSpecification","valueRequired":true,"valueName":"search_term_string"}}],"inLanguage":"en-US"},{"@type":"Organization","@id":"https:\/\/bpf2024.flaw.uniba.sk\/#organization","name":"BLF","url":"https:\/\/bpf2024.flaw.uniba.sk\/","logo":{"@type":"ImageObject","inLanguage":"en-US","@id":"https:\/\/bpf2024.flaw.uniba.sk\/#\/schema\/logo\/image\/","url":"https:\/\/bpf2024.flaw.uniba.sk\/wp-content\/uploads\/2024\/09\/cropped-logo-vlavo-sj.png","contentUrl":"https:\/\/bpf2024.flaw.uniba.sk\/wp-content\/uploads\/2024\/09\/cropped-logo-vlavo-sj.png","width":2477,"height":1861,"caption":"BPF"},"image":{"@id":"https:\/\/bpf2024.flaw.uniba.sk\/#\/schema\/logo\/image\/"}}]}},"_links":{"self":[{"href":"https:\/\/bpf2024.flaw.uniba.sk\/en\/wp-json\/wp\/v2\/pages\/369","targetHints":{"allow":["GET"]}}],"collection":[{"href":"https:\/\/bpf2024.flaw.uniba.sk\/en\/wp-json\/wp\/v2\/pages"}],"about":[{"href":"https:\/\/bpf2024.flaw.uniba.sk\/en\/wp-json\/wp\/v2\/types\/page"}],"author":[{"embeddable":true,"href":"https:\/\/bpf2024.flaw.uniba.sk\/en\/wp-json\/wp\/v2\/users\/2"}],"replies":[{"embeddable":true,"href":"https:\/\/bpf2024.flaw.uniba.sk\/en\/wp-json\/wp\/v2\/comments?post=369"}],"version-history":[{"count":8,"href":"https:\/\/bpf2024.flaw.uniba.sk\/en\/wp-json\/wp\/v2\/pages\/369\/revisions"}],"predecessor-version":[{"id":1315,"href":"https:\/\/bpf2024.flaw.uniba.sk\/en\/wp-json\/wp\/v2\/pages\/369\/revisions\/1315"}],"wp:attachment":[{"href":"https:\/\/bpf2024.flaw.uniba.sk\/en\/wp-json\/wp\/v2\/media?parent=369"}],"curies":[{"name":"wp","href":"https:\/\/api.w.org\/{rel}","templated":true}]}}

<p>Procesné zásady práva na spravodlivý proces v správnom trestaní Sekcia sa zameriava na uplatňovanie procesných zásad v právnej úprave správneho trestania. Zákonodarná, ako aj súdna moc kladú na vyvodzovanie zodpovednosti verejnou správou viaceré požiadavky. Tie sú tak hmotnoprávneho, ako aj procesnoprávneho charakteru, pričom vyplývajú z národného právneho poriadku, ako aj z medzinárodných záväzkov štátu. Sekcia [&hellip;]</p>

<!-- This site is optimized with the Yoast SEO plugin v27.2 - https://yoast.com/product/yoast-seo-wordpress/ -->
<title>Sekcia správneho a environmentálneho práva - BPF</title>
<meta name="robots" content="index, follow, max-snippet:-1, max-image-preview:large, max-video-preview:-1" />
<link rel="canonical" href="https://bpf2024.flaw.uniba.sk/en/sekcia-spravneho-environmentalneho-prava-2/" />
<meta property="og:locale" content="en_US" />
<meta property="og:type" content="article" />
<meta property="og:title" content="Sekcia správneho a environmentálneho práva - BPF" />
<meta property="og:description" content="Procesné zásady práva na spravodlivý proces v správnom trestaní Sekcia sa zameriava na uplatňovanie procesných zásad v právnej úprave správneho trestania. Zákonodarná, ako aj súdna moc kladú na vyvodzovanie zodpovednosti verejnou správou viaceré požiadavky. Tie sú tak hmotnoprávneho, ako aj procesnoprávneho charakteru, pričom vyplývajú z národného právneho poriadku, ako aj z medzinárodných záväzkov štátu. Sekcia [&hellip;]" />
<meta property="og:url" content="https://bpf2024.flaw.uniba.sk/en/sekcia-spravneho-environmentalneho-prava-2/" />
<meta property="og:site_name" content="BPF" />
<meta property="article:modified_time" content="2024-05-14T12:02:22+00:00" />
<meta name="twitter:card" content="summary_large_image" />
<meta name="twitter:label1" content="Est. reading time" />
	<meta name="twitter:data1" content="2 minutes" />
<script type="application/ld+json" class="yoast-schema-graph">{"@context":"https://schema.org","@graph":[{"@type":"WebPage","@id":"https://bpf2024.flaw.uniba.sk/sekcia-spravneho-environmentalneho-prava-2/","url":"https://bpf2024.flaw.uniba.sk/sekcia-spravneho-environmentalneho-prava-2/","name":"Sekcia správneho a environmentálneho práva - BPF","isPartOf":{"@id":"https://bpf2024.flaw.uniba.sk/#website"},"datePublished":"2021-03-17T12:19:16+00:00","dateModified":"2024-05-14T12:02:22+00:00","breadcrumb":{"@id":"https://bpf2024.flaw.uniba.sk/sekcia-spravneho-environmentalneho-prava-2/#breadcrumb"},"inLanguage":"en-US","potentialAction":[{"@type":"ReadAction","target":["https://bpf2024.flaw.uniba.sk/sekcia-spravneho-environmentalneho-prava-2/"]}]},{"@type":"BreadcrumbList","@id":"https://bpf2024.flaw.uniba.sk/sekcia-spravneho-environmentalneho-prava-2/#breadcrumb","itemListElement":[{"@type":"ListItem","position":1,"name":"Home","item":"https://bpf2024.flaw.uniba.sk/"},{"@type":"ListItem","position":2,"name":"Sekcia správneho a environmentálneho práva"}]},{"@type":"WebSite","@id":"https://bpf2024.flaw.uniba.sk/#website","url":"https://bpf2024.flaw.uniba.sk/","name":"BPF","description":"","publisher":{"@id":"https://bpf2024.flaw.uniba.sk/#organization"},"potentialAction":[{"@type":"SearchAction","target":{"@type":"EntryPoint","urlTemplate":"https://bpf2024.flaw.uniba.sk/?s={search_term_string}"},"query-input":{"@type":"PropertyValueSpecification","valueRequired":true,"valueName":"search_term_string"}}],"inLanguage":"en-US"},{"@type":"Organization","@id":"https://bpf2024.flaw.uniba.sk/#organization","name":"BPF","url":"https://bpf2024.flaw.uniba.sk/","logo":{"@type":"ImageObject","inLanguage":"en-US","@id":"https://bpf2024.flaw.uniba.sk/#/schema/logo/image/","url":"https://bpf2024.flaw.uniba.sk/wp-content/uploads/2024/09/cropped-logo-vlavo-sj.png","contentUrl":"https://bpf2024.flaw.uniba.sk/wp-content/uploads/2024/09/cropped-logo-vlavo-sj.png","width":2477,"height":1861,"caption":"BPF"},"image":{"@id":"https://bpf2024.flaw.uniba.sk/#/schema/logo/image/"}}]}</script>
<!-- / Yoast SEO plugin. -->

Sekcia správneho a environmentálneho práva - BPF

Procesné zásady práva na spravodlivý proces v správnom trestaní Sekcia sa zameriava na uplatňovanie procesných zásad v právnej úprave správneho trestania. Zákonodarná, ako aj súdna moc kladú na vyvodzovanie zodpovednosti verejnou správou viaceré požiadavky. Tie sú tak hmotnoprávneho, ako aj procesnoprávneho charakteru, pričom vyplývajú z národného právneho poriadku, ako aj z medzinárodných záväzkov štátu. Sekcia [&hellip;]

Sekcia správneho a environmentálneho práva
