{"id":359,"date":"2021-03-17T13:16:42","date_gmt":"2021-03-17T12:16:42","guid":{"rendered":"https:\/\/bpf.flaw.uniba.sk\/?page_id=359"},"modified":"2022-05-23T15:41:16","modified_gmt":"2022-05-23T13:41:16","slug":"sekcia-ustavneho-prava","status":"publish","type":"page","link":"https:\/\/bpf2024.flaw.uniba.sk\/en\/sekcia-ustavneho-prava\/","title":{"rendered":"Constitutional Law section"},"content":{"rendered":"<h2 class=\"alignwide has-text-align-center wp-block-heading\"><strong>30 years of the Constitution of the Slovak Republic - experiences and perspectives in good and bad weather<\/strong><\/h2>\n\n\n\n<p class=\"has-drop-cap\">In 2022, we commemorate 30 years since the adoption of the Constitution of the Slovak Republic. Therefore, the Constitutional Law section will be devoted to discussion on experiences with the interpretation and application of the Constitution of the Slovak Republic, not only in \"good weather\", but also during a period when the state, its constitutional system and the values on which it is founded face various security threats.<\/p>","protected":false},"excerpt":{"rendered":"<p>30 rokov \u00dastavy Slovenskej republiky &#8211; sk\u00fasenosti a perspekt\u00edvy v dobrom aj\u00a0v zlom po\u010das\u00ed V roku 2022 si pripom\u00edname 30 rokov od prijatia \u00dastavy Slovenskej republiky. Sekcia \u00fastavn\u00e9ho pr\u00e1va bude preto venovan\u00e1 diskusii o doteraj\u0161\u00edch sk\u00fasenostiach s interpret\u00e1ciou a aplik\u00e1ciou \u00dastavy Slovenskej republiky, a to nie len v &#8222;dobrom po\u010das\u00ed&#8220;, ale aj po\u010das obdobia, kedy [&hellip;]<\/p>\n","protected":false},"author":2,"featured_media":0,"parent":0,"menu_order":0,"comment_status":"closed","ping_status":"closed","template":"","meta":{"ngg_post_thumbnail":0,"footnotes":""},"class_list":["post-359","page","type-page","status-publish","hentry"],"yoast_head":"<!-- This site is optimized with the Yoast SEO plugin v27.2 - https:\/\/yoast.com\/product\/yoast-seo-wordpress\/ -->\n<title>Sekcia \u00fastavn\u00e9ho pr\u00e1va - BPF<\/title>\n<meta name=\"robots\" content=\"index, follow, max-snippet:-1, max-image-preview:large, max-video-preview:-1\" \/>\n<link rel=\"canonical\" href=\"https:\/\/bpf2024.flaw.uniba.sk\/en\/sekcia-ustavneho-prava\/\" \/>\n<meta property=\"og:locale\" content=\"en_US\" \/>\n<meta property=\"og:type\" content=\"article\" \/>\n<meta property=\"og:title\" content=\"Sekcia \u00fastavn\u00e9ho pr\u00e1va - BPF\" \/>\n<meta property=\"og:description\" content=\"30 rokov \u00dastavy Slovenskej republiky &#8211; sk\u00fasenosti a perspekt\u00edvy v dobrom aj\u00a0v zlom po\u010das\u00ed V roku 2022 si pripom\u00edname 30 rokov od prijatia \u00dastavy Slovenskej republiky. Sekcia \u00fastavn\u00e9ho pr\u00e1va bude preto venovan\u00e1 diskusii o doteraj\u0161\u00edch sk\u00fasenostiach s interpret\u00e1ciou a aplik\u00e1ciou \u00dastavy Slovenskej republiky, a to nie len v &#8222;dobrom po\u010das\u00ed&#8220;, ale aj po\u010das obdobia, kedy [&hellip;]\" \/>\n<meta property=\"og:url\" content=\"https:\/\/bpf2024.flaw.uniba.sk\/en\/sekcia-ustavneho-prava\/\" \/>\n<meta property=\"og:site_name\" content=\"BPF\" \/>\n<meta property=\"article:modified_time\" content=\"2022-05-23T13:41:16+00:00\" \/>\n<meta name=\"twitter:card\" content=\"summary_large_image\" \/>\n<meta name=\"twitter:label1\" content=\"Est. reading time\" \/>\n\t<meta name=\"twitter:data1\" content=\"1 minute\" \/>\n<script type=\"application\/ld+json\" class=\"yoast-schema-graph\">{\"@context\":\"https:\/\/schema.org\",\"@graph\":[{\"@type\":\"WebPage\",\"@id\":\"https:\/\/bpf2024.flaw.uniba.sk\/sekcia-ustavneho-prava\/\",\"url\":\"https:\/\/bpf2024.flaw.uniba.sk\/sekcia-ustavneho-prava\/\",\"name\":\"Sekcia \u00fastavn\u00e9ho pr\u00e1va - BPF\",\"isPartOf\":{\"@id\":\"https:\/\/bpf2024.flaw.uniba.sk\/#website\"},\"datePublished\":\"2021-03-17T12:16:42+00:00\",\"dateModified\":\"2022-05-23T13:41:16+00:00\",\"breadcrumb\":{\"@id\":\"https:\/\/bpf2024.flaw.uniba.sk\/sekcia-ustavneho-prava\/#breadcrumb\"},\"inLanguage\":\"en-US\",\"potentialAction\":[{\"@type\":\"ReadAction\",\"target\":[\"https:\/\/bpf2024.flaw.uniba.sk\/sekcia-ustavneho-prava\/\"]}]},{\"@type\":\"BreadcrumbList\",\"@id\":\"https:\/\/bpf2024.flaw.uniba.sk\/sekcia-ustavneho-prava\/#breadcrumb\",\"itemListElement\":[{\"@type\":\"ListItem\",\"position\":1,\"name\":\"Home\",\"item\":\"https:\/\/bpf2024.flaw.uniba.sk\/\"},{\"@type\":\"ListItem\",\"position\":2,\"name\":\"Sekcia \u00fastavn\u00e9ho pr\u00e1va\"}]},{\"@type\":\"WebSite\",\"@id\":\"https:\/\/bpf2024.flaw.uniba.sk\/#website\",\"url\":\"https:\/\/bpf2024.flaw.uniba.sk\/\",\"name\":\"BPF\",\"description\":\"\",\"publisher\":{\"@id\":\"https:\/\/bpf2024.flaw.uniba.sk\/#organization\"},\"potentialAction\":[{\"@type\":\"SearchAction\",\"target\":{\"@type\":\"EntryPoint\",\"urlTemplate\":\"https:\/\/bpf2024.flaw.uniba.sk\/?s={search_term_string}\"},\"query-input\":{\"@type\":\"PropertyValueSpecification\",\"valueRequired\":true,\"valueName\":\"search_term_string\"}}],\"inLanguage\":\"en-US\"},{\"@type\":\"Organization\",\"@id\":\"https:\/\/bpf2024.flaw.uniba.sk\/#organization\",\"name\":\"BPF\",\"url\":\"https:\/\/bpf2024.flaw.uniba.sk\/\",\"logo\":{\"@type\":\"ImageObject\",\"inLanguage\":\"en-US\",\"@id\":\"https:\/\/bpf2024.flaw.uniba.sk\/#\/schema\/logo\/image\/\",\"url\":\"https:\/\/bpf2024.flaw.uniba.sk\/wp-content\/uploads\/2024\/09\/cropped-logo-vlavo-sj.png\",\"contentUrl\":\"https:\/\/bpf2024.flaw.uniba.sk\/wp-content\/uploads\/2024\/09\/cropped-logo-vlavo-sj.png\",\"width\":2477,\"height\":1861,\"caption\":\"BPF\"},\"image\":{\"@id\":\"https:\/\/bpf2024.flaw.uniba.sk\/#\/schema\/logo\/image\/\"}}]}<\/script>\n<!-- \/ Yoast SEO plugin. -->","yoast_head_json":{"title":"Sekcia \u00fastavn\u00e9ho pr\u00e1va - BPF","robots":{"index":"index","follow":"follow","max-snippet":"max-snippet:-1","max-image-preview":"max-image-preview:large","max-video-preview":"max-video-preview:-1"},"canonical":"https:\/\/bpf2024.flaw.uniba.sk\/en\/sekcia-ustavneho-prava\/","og_locale":"en_US","og_type":"article","og_title":"Sekcia \u00fastavn\u00e9ho pr\u00e1va - BPF","og_description":"30 rokov \u00dastavy Slovenskej republiky &#8211; sk\u00fasenosti a perspekt\u00edvy v dobrom aj\u00a0v zlom po\u010das\u00ed V roku 2022 si pripom\u00edname 30 rokov od prijatia \u00dastavy Slovenskej republiky. Sekcia \u00fastavn\u00e9ho pr\u00e1va bude preto venovan\u00e1 diskusii o doteraj\u0161\u00edch sk\u00fasenostiach s interpret\u00e1ciou a aplik\u00e1ciou \u00dastavy Slovenskej republiky, a to nie len v &#8222;dobrom po\u010das\u00ed&#8220;, ale aj po\u010das obdobia, kedy [&hellip;]","og_url":"https:\/\/bpf2024.flaw.uniba.sk\/en\/sekcia-ustavneho-prava\/","og_site_name":"BPF","article_modified_time":"2022-05-23T13:41:16+00:00","twitter_card":"summary_large_image","twitter_misc":{"Est. reading time":"1 minute"},"schema":{"@context":"https:\/\/schema.org","@graph":[{"@type":"WebPage","@id":"https:\/\/bpf2024.flaw.uniba.sk\/sekcia-ustavneho-prava\/","url":"https:\/\/bpf2024.flaw.uniba.sk\/sekcia-ustavneho-prava\/","name":"Sekcia \u00fastavn\u00e9ho pr\u00e1va - BPF","isPartOf":{"@id":"https:\/\/bpf2024.flaw.uniba.sk\/#website"},"datePublished":"2021-03-17T12:16:42+00:00","dateModified":"2022-05-23T13:41:16+00:00","breadcrumb":{"@id":"https:\/\/bpf2024.flaw.uniba.sk\/sekcia-ustavneho-prava\/#breadcrumb"},"inLanguage":"en-US","potentialAction":[{"@type":"ReadAction","target":["https:\/\/bpf2024.flaw.uniba.sk\/sekcia-ustavneho-prava\/"]}]},{"@type":"BreadcrumbList","@id":"https:\/\/bpf2024.flaw.uniba.sk\/sekcia-ustavneho-prava\/#breadcrumb","itemListElement":[{"@type":"ListItem","position":1,"name":"Home","item":"https:\/\/bpf2024.flaw.uniba.sk\/"},{"@type":"ListItem","position":2,"name":"Sekcia \u00fastavn\u00e9ho pr\u00e1va"}]},{"@type":"WebSite","@id":"https:\/\/bpf2024.flaw.uniba.sk\/#website","url":"https:\/\/bpf2024.flaw.uniba.sk\/","name":"BLF","description":"","publisher":{"@id":"https:\/\/bpf2024.flaw.uniba.sk\/#organization"},"potentialAction":[{"@type":"SearchAction","target":{"@type":"EntryPoint","urlTemplate":"https:\/\/bpf2024.flaw.uniba.sk\/?s={search_term_string}"},"query-input":{"@type":"PropertyValueSpecification","valueRequired":true,"valueName":"search_term_string"}}],"inLanguage":"en-US"},{"@type":"Organization","@id":"https:\/\/bpf2024.flaw.uniba.sk\/#organization","name":"BLF","url":"https:\/\/bpf2024.flaw.uniba.sk\/","logo":{"@type":"ImageObject","inLanguage":"en-US","@id":"https:\/\/bpf2024.flaw.uniba.sk\/#\/schema\/logo\/image\/","url":"https:\/\/bpf2024.flaw.uniba.sk\/wp-content\/uploads\/2024\/09\/cropped-logo-vlavo-sj.png","contentUrl":"https:\/\/bpf2024.flaw.uniba.sk\/wp-content\/uploads\/2024\/09\/cropped-logo-vlavo-sj.png","width":2477,"height":1861,"caption":"BPF"},"image":{"@id":"https:\/\/bpf2024.flaw.uniba.sk\/#\/schema\/logo\/image\/"}}]}},"_links":{"self":[{"href":"https:\/\/bpf2024.flaw.uniba.sk\/en\/wp-json\/wp\/v2\/pages\/359","targetHints":{"allow":["GET"]}}],"collection":[{"href":"https:\/\/bpf2024.flaw.uniba.sk\/en\/wp-json\/wp\/v2\/pages"}],"about":[{"href":"https:\/\/bpf2024.flaw.uniba.sk\/en\/wp-json\/wp\/v2\/types\/page"}],"author":[{"embeddable":true,"href":"https:\/\/bpf2024.flaw.uniba.sk\/en\/wp-json\/wp\/v2\/users\/2"}],"replies":[{"embeddable":true,"href":"https:\/\/bpf2024.flaw.uniba.sk\/en\/wp-json\/wp\/v2\/comments?post=359"}],"version-history":[{"count":2,"href":"https:\/\/bpf2024.flaw.uniba.sk\/en\/wp-json\/wp\/v2\/pages\/359\/revisions"}],"predecessor-version":[{"id":523,"href":"https:\/\/bpf2024.flaw.uniba.sk\/en\/wp-json\/wp\/v2\/pages\/359\/revisions\/523"}],"wp:attachment":[{"href":"https:\/\/bpf2024.flaw.uniba.sk\/en\/wp-json\/wp\/v2\/media?parent=359"}],"curies":[{"name":"wp","href":"https:\/\/api.w.org\/{rel}","templated":true}]}}

<p>30 rokov Ústavy Slovenskej republiky &#8211; skúsenosti a perspektívy v dobrom aj v zlom počasí V roku 2022 si pripomíname 30 rokov od prijatia Ústavy Slovenskej republiky. Sekcia ústavného práva bude preto venovaná diskusii o doterajších skúsenostiach s interpretáciou a aplikáciou Ústavy Slovenskej republiky, a to nie len v &#8222;dobrom počasí&#8220;, ale aj počas obdobia, kedy [&hellip;]</p>

<!-- This site is optimized with the Yoast SEO plugin v27.2 - https://yoast.com/product/yoast-seo-wordpress/ -->
<title>Sekcia ústavného práva - BPF</title>
<meta name="robots" content="index, follow, max-snippet:-1, max-image-preview:large, max-video-preview:-1" />
<link rel="canonical" href="https://bpf2024.flaw.uniba.sk/en/sekcia-ustavneho-prava/" />
<meta property="og:locale" content="en_US" />
<meta property="og:type" content="article" />
<meta property="og:title" content="Sekcia ústavného práva - BPF" />
<meta property="og:description" content="30 rokov Ústavy Slovenskej republiky &#8211; skúsenosti a perspektívy v dobrom aj v zlom počasí V roku 2022 si pripomíname 30 rokov od prijatia Ústavy Slovenskej republiky. Sekcia ústavného práva bude preto venovaná diskusii o doterajších skúsenostiach s interpretáciou a aplikáciou Ústavy Slovenskej republiky, a to nie len v &#8222;dobrom počasí&#8220;, ale aj počas obdobia, kedy [&hellip;]" />
<meta property="og:url" content="https://bpf2024.flaw.uniba.sk/en/sekcia-ustavneho-prava/" />
<meta property="og:site_name" content="BPF" />
<meta property="article:modified_time" content="2022-05-23T13:41:16+00:00" />
<meta name="twitter:card" content="summary_large_image" />
<meta name="twitter:label1" content="Est. reading time" />
	<meta name="twitter:data1" content="1 minute" />
<script type="application/ld+json" class="yoast-schema-graph">{"@context":"https://schema.org","@graph":[{"@type":"WebPage","@id":"https://bpf2024.flaw.uniba.sk/sekcia-ustavneho-prava/","url":"https://bpf2024.flaw.uniba.sk/sekcia-ustavneho-prava/","name":"Sekcia ústavného práva - BPF","isPartOf":{"@id":"https://bpf2024.flaw.uniba.sk/#website"},"datePublished":"2021-03-17T12:16:42+00:00","dateModified":"2022-05-23T13:41:16+00:00","breadcrumb":{"@id":"https://bpf2024.flaw.uniba.sk/sekcia-ustavneho-prava/#breadcrumb"},"inLanguage":"en-US","potentialAction":[{"@type":"ReadAction","target":["https://bpf2024.flaw.uniba.sk/sekcia-ustavneho-prava/"]}]},{"@type":"BreadcrumbList","@id":"https://bpf2024.flaw.uniba.sk/sekcia-ustavneho-prava/#breadcrumb","itemListElement":[{"@type":"ListItem","position":1,"name":"Home","item":"https://bpf2024.flaw.uniba.sk/"},{"@type":"ListItem","position":2,"name":"Sekcia ústavného práva"}]},{"@type":"WebSite","@id":"https://bpf2024.flaw.uniba.sk/#website","url":"https://bpf2024.flaw.uniba.sk/","name":"BPF","description":"","publisher":{"@id":"https://bpf2024.flaw.uniba.sk/#organization"},"potentialAction":[{"@type":"SearchAction","target":{"@type":"EntryPoint","urlTemplate":"https://bpf2024.flaw.uniba.sk/?s={search_term_string}"},"query-input":{"@type":"PropertyValueSpecification","valueRequired":true,"valueName":"search_term_string"}}],"inLanguage":"en-US"},{"@type":"Organization","@id":"https://bpf2024.flaw.uniba.sk/#organization","name":"BPF","url":"https://bpf2024.flaw.uniba.sk/","logo":{"@type":"ImageObject","inLanguage":"en-US","@id":"https://bpf2024.flaw.uniba.sk/#/schema/logo/image/","url":"https://bpf2024.flaw.uniba.sk/wp-content/uploads/2024/09/cropped-logo-vlavo-sj.png","contentUrl":"https://bpf2024.flaw.uniba.sk/wp-content/uploads/2024/09/cropped-logo-vlavo-sj.png","width":2477,"height":1861,"caption":"BPF"},"image":{"@id":"https://bpf2024.flaw.uniba.sk/#/schema/logo/image/"}}]}</script>
<!-- / Yoast SEO plugin. -->

Sekcia ústavného práva - BPF

30 rokov Ústavy Slovenskej republiky &#8211; skúsenosti a perspektívy v dobrom aj v zlom počasí V roku 2022 si pripomíname 30 rokov od prijatia Ústavy Slovenskej republiky. Sekcia ústavného práva bude preto venovaná diskusii o doterajších skúsenostiach s interpretáciou a aplikáciou Ústavy Slovenskej republiky, a to nie len v &#8222;dobrom počasí&#8220;, ale aj počas obdobia, kedy [&hellip;]

Sekcia ústavného práva
