{"id":335,"date":"2021-03-17T13:09:48","date_gmt":"2021-03-17T12:09:48","guid":{"rendered":"https:\/\/bpf.flaw.uniba.sk\/?page_id=335"},"modified":"2024-05-14T13:56:46","modified_gmt":"2024-05-14T11:56:46","slug":"seckia-rimskeho-kanonickeho-a-cirkevneho-prava","status":"publish","type":"page","link":"https:\/\/bpf2024.flaw.uniba.sk\/en\/seckia-rimskeho-kanonickeho-a-cirkevneho-prava\/","title":{"rendered":"Roman Law, Canon Law and Ecclesiastical Law and Legal History and Comparative Law Section"},"content":{"rendered":"<h2 class=\"wp-block-heading alignwide has-text-align-center\">Roman-Canonic Impacts on Modern Continental Law<\/h2>\n\n\n\n<p>Roman and Canon Law shaped the form of national legal systems for centuries. Whereas Roman Law was considered to be the ideal model of legal regulation in the area of private law, Canon Law performed these tasks in the area of public law. Despite several efforts to \u201cliberate\u201d the national legal systems from these impacts, which appeared continually from the times of the Modern Period and culminated in the 20th century, the majority of exerted legal institutions have henceforth their basis in the Roman-Canon rules, ideas or principles. The main task of the section of the Department of Roman and Church Law and Institute of Canon Law is to search for these impacts in the historical, as well as in positive-law context.<\/p>\n\n\n\n<p><strong>Guarantors of the section:<\/strong><\/p>\n\n\n\n<p>prof. JUDr. Mat\u00fa\u0161 Nemec, PhD.<\/p>\n\n\n\n<p>prof. JUDr. Mgr. Vojtech Vlad\u00e1r, PhD.<\/p>\n\n\n\n<p>prof. JCDr. PaedDr. R\u00f3bert Brtko, CSc.<\/p>","protected":false},"excerpt":{"rendered":"<p>R\u00edmsko-k\u00e1nonick\u00e9 vplyvy na modern\u00e9 kontinent\u00e1lne pr\u00e1vo R\u00edmske a k\u00e1nonick\u00e9 pr\u00e1vo formovali podobu n\u00e1rodn\u00fdch pr\u00e1vnych poriadkov po cel\u00e9 st\u00e1ro\u010dia. Zatia\u013e \u010do r\u00edmske pr\u00e1vo predstavovalo vzor ide\u00e1lu pr\u00e1vnej \u00fapravy v oblasti s\u00fakromn\u00e9ho pr\u00e1va, k\u00e1nonick\u00e9 pr\u00e1vo zast\u00e1vala tieto funkcie v oblasti pr\u00e1va verejn\u00e9ho. Aj napriek viacer\u00fdm snah\u00e1m \u201eoslobodi\u0165\u201c n\u00e1rodn\u00e9 pr\u00e1vne poriadky spod t\u00fdchto vplyvov, ktor\u00e9 sa kontinu\u00e1lne objavovali [&hellip;]<\/p>\n","protected":false},"author":2,"featured_media":0,"parent":0,"menu_order":0,"comment_status":"closed","ping_status":"closed","template":"","meta":{"ngg_post_thumbnail":0,"footnotes":""},"class_list":["post-335","page","type-page","status-publish","hentry"],"yoast_head":"<!-- This site is optimized with the Yoast SEO plugin v27.2 - https:\/\/yoast.com\/product\/yoast-seo-wordpress\/ -->\n<title>Sekcia r\u00edmskeho pr\u00e1va, k\u00e1nonick\u00e9ho, cirkevn\u00e9ho pr\u00e1va a pr\u00e1vnych dej\u00edn a pr\u00e1vnej komparatistiky - BPF<\/title>\n<meta name=\"robots\" content=\"index, follow, max-snippet:-1, max-image-preview:large, max-video-preview:-1\" \/>\n<link rel=\"canonical\" href=\"https:\/\/bpf2024.flaw.uniba.sk\/en\/seckia-rimskeho-kanonickeho-a-cirkevneho-prava\/\" \/>\n<meta property=\"og:locale\" content=\"en_US\" \/>\n<meta property=\"og:type\" content=\"article\" \/>\n<meta property=\"og:title\" content=\"Sekcia r\u00edmskeho pr\u00e1va, k\u00e1nonick\u00e9ho, cirkevn\u00e9ho pr\u00e1va a pr\u00e1vnych dej\u00edn a pr\u00e1vnej komparatistiky - BPF\" \/>\n<meta property=\"og:description\" content=\"R\u00edmsko-k\u00e1nonick\u00e9 vplyvy na modern\u00e9 kontinent\u00e1lne pr\u00e1vo R\u00edmske a k\u00e1nonick\u00e9 pr\u00e1vo formovali podobu n\u00e1rodn\u00fdch pr\u00e1vnych poriadkov po cel\u00e9 st\u00e1ro\u010dia. Zatia\u013e \u010do r\u00edmske pr\u00e1vo predstavovalo vzor ide\u00e1lu pr\u00e1vnej \u00fapravy v oblasti s\u00fakromn\u00e9ho pr\u00e1va, k\u00e1nonick\u00e9 pr\u00e1vo zast\u00e1vala tieto funkcie v oblasti pr\u00e1va verejn\u00e9ho. Aj napriek viacer\u00fdm snah\u00e1m \u201eoslobodi\u0165\u201c n\u00e1rodn\u00e9 pr\u00e1vne poriadky spod t\u00fdchto vplyvov, ktor\u00e9 sa kontinu\u00e1lne objavovali [&hellip;]\" \/>\n<meta property=\"og:url\" content=\"https:\/\/bpf2024.flaw.uniba.sk\/en\/seckia-rimskeho-kanonickeho-a-cirkevneho-prava\/\" \/>\n<meta property=\"og:site_name\" content=\"BPF\" \/>\n<meta property=\"article:modified_time\" content=\"2024-05-14T11:56:46+00:00\" \/>\n<meta name=\"twitter:card\" content=\"summary_large_image\" \/>\n<meta name=\"twitter:label1\" content=\"Est. reading time\" \/>\n\t<meta name=\"twitter:data1\" content=\"1 minute\" \/>\n<script type=\"application\/ld+json\" class=\"yoast-schema-graph\">{\"@context\":\"https:\/\/schema.org\",\"@graph\":[{\"@type\":\"WebPage\",\"@id\":\"https:\/\/bpf2024.flaw.uniba.sk\/seckia-rimskeho-kanonickeho-a-cirkevneho-prava\/\",\"url\":\"https:\/\/bpf2024.flaw.uniba.sk\/seckia-rimskeho-kanonickeho-a-cirkevneho-prava\/\",\"name\":\"Sekcia r\u00edmskeho pr\u00e1va, k\u00e1nonick\u00e9ho, cirkevn\u00e9ho pr\u00e1va a pr\u00e1vnych dej\u00edn a pr\u00e1vnej komparatistiky - BPF\",\"isPartOf\":{\"@id\":\"https:\/\/bpf2024.flaw.uniba.sk\/#website\"},\"datePublished\":\"2021-03-17T12:09:48+00:00\",\"dateModified\":\"2024-05-14T11:56:46+00:00\",\"breadcrumb\":{\"@id\":\"https:\/\/bpf2024.flaw.uniba.sk\/seckia-rimskeho-kanonickeho-a-cirkevneho-prava\/#breadcrumb\"},\"inLanguage\":\"en-US\",\"potentialAction\":[{\"@type\":\"ReadAction\",\"target\":[\"https:\/\/bpf2024.flaw.uniba.sk\/seckia-rimskeho-kanonickeho-a-cirkevneho-prava\/\"]}]},{\"@type\":\"BreadcrumbList\",\"@id\":\"https:\/\/bpf2024.flaw.uniba.sk\/seckia-rimskeho-kanonickeho-a-cirkevneho-prava\/#breadcrumb\",\"itemListElement\":[{\"@type\":\"ListItem\",\"position\":1,\"name\":\"Home\",\"item\":\"https:\/\/bpf2024.flaw.uniba.sk\/\"},{\"@type\":\"ListItem\",\"position\":2,\"name\":\"Sekcia r\u00edmskeho pr\u00e1va, k\u00e1nonick\u00e9ho, cirkevn\u00e9ho pr\u00e1va a pr\u00e1vnych dej\u00edn a pr\u00e1vnej komparatistiky\"}]},{\"@type\":\"WebSite\",\"@id\":\"https:\/\/bpf2024.flaw.uniba.sk\/#website\",\"url\":\"https:\/\/bpf2024.flaw.uniba.sk\/\",\"name\":\"BPF\",\"description\":\"\",\"publisher\":{\"@id\":\"https:\/\/bpf2024.flaw.uniba.sk\/#organization\"},\"potentialAction\":[{\"@type\":\"SearchAction\",\"target\":{\"@type\":\"EntryPoint\",\"urlTemplate\":\"https:\/\/bpf2024.flaw.uniba.sk\/?s={search_term_string}\"},\"query-input\":{\"@type\":\"PropertyValueSpecification\",\"valueRequired\":true,\"valueName\":\"search_term_string\"}}],\"inLanguage\":\"en-US\"},{\"@type\":\"Organization\",\"@id\":\"https:\/\/bpf2024.flaw.uniba.sk\/#organization\",\"name\":\"BPF\",\"url\":\"https:\/\/bpf2024.flaw.uniba.sk\/\",\"logo\":{\"@type\":\"ImageObject\",\"inLanguage\":\"en-US\",\"@id\":\"https:\/\/bpf2024.flaw.uniba.sk\/#\/schema\/logo\/image\/\",\"url\":\"https:\/\/bpf2024.flaw.uniba.sk\/wp-content\/uploads\/2024\/09\/cropped-logo-vlavo-sj.png\",\"contentUrl\":\"https:\/\/bpf2024.flaw.uniba.sk\/wp-content\/uploads\/2024\/09\/cropped-logo-vlavo-sj.png\",\"width\":2477,\"height\":1861,\"caption\":\"BPF\"},\"image\":{\"@id\":\"https:\/\/bpf2024.flaw.uniba.sk\/#\/schema\/logo\/image\/\"}}]}<\/script>\n<!-- \/ Yoast SEO plugin. -->","yoast_head_json":{"title":"Sekcia r\u00edmskeho pr\u00e1va, k\u00e1nonick\u00e9ho, cirkevn\u00e9ho pr\u00e1va a pr\u00e1vnych dej\u00edn a pr\u00e1vnej komparatistiky - BPF","robots":{"index":"index","follow":"follow","max-snippet":"max-snippet:-1","max-image-preview":"max-image-preview:large","max-video-preview":"max-video-preview:-1"},"canonical":"https:\/\/bpf2024.flaw.uniba.sk\/en\/seckia-rimskeho-kanonickeho-a-cirkevneho-prava\/","og_locale":"en_US","og_type":"article","og_title":"Sekcia r\u00edmskeho pr\u00e1va, k\u00e1nonick\u00e9ho, cirkevn\u00e9ho pr\u00e1va a pr\u00e1vnych dej\u00edn a pr\u00e1vnej komparatistiky - BPF","og_description":"R\u00edmsko-k\u00e1nonick\u00e9 vplyvy na modern\u00e9 kontinent\u00e1lne pr\u00e1vo R\u00edmske a k\u00e1nonick\u00e9 pr\u00e1vo formovali podobu n\u00e1rodn\u00fdch pr\u00e1vnych poriadkov po cel\u00e9 st\u00e1ro\u010dia. Zatia\u013e \u010do r\u00edmske pr\u00e1vo predstavovalo vzor ide\u00e1lu pr\u00e1vnej \u00fapravy v oblasti s\u00fakromn\u00e9ho pr\u00e1va, k\u00e1nonick\u00e9 pr\u00e1vo zast\u00e1vala tieto funkcie v oblasti pr\u00e1va verejn\u00e9ho. Aj napriek viacer\u00fdm snah\u00e1m \u201eoslobodi\u0165\u201c n\u00e1rodn\u00e9 pr\u00e1vne poriadky spod t\u00fdchto vplyvov, ktor\u00e9 sa kontinu\u00e1lne objavovali [&hellip;]","og_url":"https:\/\/bpf2024.flaw.uniba.sk\/en\/seckia-rimskeho-kanonickeho-a-cirkevneho-prava\/","og_site_name":"BPF","article_modified_time":"2024-05-14T11:56:46+00:00","twitter_card":"summary_large_image","twitter_misc":{"Est. reading time":"1 minute"},"schema":{"@context":"https:\/\/schema.org","@graph":[{"@type":"WebPage","@id":"https:\/\/bpf2024.flaw.uniba.sk\/seckia-rimskeho-kanonickeho-a-cirkevneho-prava\/","url":"https:\/\/bpf2024.flaw.uniba.sk\/seckia-rimskeho-kanonickeho-a-cirkevneho-prava\/","name":"Sekcia r\u00edmskeho pr\u00e1va, k\u00e1nonick\u00e9ho, cirkevn\u00e9ho pr\u00e1va a pr\u00e1vnych dej\u00edn a pr\u00e1vnej komparatistiky - BPF","isPartOf":{"@id":"https:\/\/bpf2024.flaw.uniba.sk\/#website"},"datePublished":"2021-03-17T12:09:48+00:00","dateModified":"2024-05-14T11:56:46+00:00","breadcrumb":{"@id":"https:\/\/bpf2024.flaw.uniba.sk\/seckia-rimskeho-kanonickeho-a-cirkevneho-prava\/#breadcrumb"},"inLanguage":"en-US","potentialAction":[{"@type":"ReadAction","target":["https:\/\/bpf2024.flaw.uniba.sk\/seckia-rimskeho-kanonickeho-a-cirkevneho-prava\/"]}]},{"@type":"BreadcrumbList","@id":"https:\/\/bpf2024.flaw.uniba.sk\/seckia-rimskeho-kanonickeho-a-cirkevneho-prava\/#breadcrumb","itemListElement":[{"@type":"ListItem","position":1,"name":"Home","item":"https:\/\/bpf2024.flaw.uniba.sk\/"},{"@type":"ListItem","position":2,"name":"Sekcia r\u00edmskeho pr\u00e1va, k\u00e1nonick\u00e9ho, cirkevn\u00e9ho pr\u00e1va a pr\u00e1vnych dej\u00edn a pr\u00e1vnej komparatistiky"}]},{"@type":"WebSite","@id":"https:\/\/bpf2024.flaw.uniba.sk\/#website","url":"https:\/\/bpf2024.flaw.uniba.sk\/","name":"BLF","description":"","publisher":{"@id":"https:\/\/bpf2024.flaw.uniba.sk\/#organization"},"potentialAction":[{"@type":"SearchAction","target":{"@type":"EntryPoint","urlTemplate":"https:\/\/bpf2024.flaw.uniba.sk\/?s={search_term_string}"},"query-input":{"@type":"PropertyValueSpecification","valueRequired":true,"valueName":"search_term_string"}}],"inLanguage":"en-US"},{"@type":"Organization","@id":"https:\/\/bpf2024.flaw.uniba.sk\/#organization","name":"BLF","url":"https:\/\/bpf2024.flaw.uniba.sk\/","logo":{"@type":"ImageObject","inLanguage":"en-US","@id":"https:\/\/bpf2024.flaw.uniba.sk\/#\/schema\/logo\/image\/","url":"https:\/\/bpf2024.flaw.uniba.sk\/wp-content\/uploads\/2024\/09\/cropped-logo-vlavo-sj.png","contentUrl":"https:\/\/bpf2024.flaw.uniba.sk\/wp-content\/uploads\/2024\/09\/cropped-logo-vlavo-sj.png","width":2477,"height":1861,"caption":"BPF"},"image":{"@id":"https:\/\/bpf2024.flaw.uniba.sk\/#\/schema\/logo\/image\/"}}]}},"_links":{"self":[{"href":"https:\/\/bpf2024.flaw.uniba.sk\/en\/wp-json\/wp\/v2\/pages\/335","targetHints":{"allow":["GET"]}}],"collection":[{"href":"https:\/\/bpf2024.flaw.uniba.sk\/en\/wp-json\/wp\/v2\/pages"}],"about":[{"href":"https:\/\/bpf2024.flaw.uniba.sk\/en\/wp-json\/wp\/v2\/types\/page"}],"author":[{"embeddable":true,"href":"https:\/\/bpf2024.flaw.uniba.sk\/en\/wp-json\/wp\/v2\/users\/2"}],"replies":[{"embeddable":true,"href":"https:\/\/bpf2024.flaw.uniba.sk\/en\/wp-json\/wp\/v2\/comments?post=335"}],"version-history":[{"count":9,"href":"https:\/\/bpf2024.flaw.uniba.sk\/en\/wp-json\/wp\/v2\/pages\/335\/revisions"}],"predecessor-version":[{"id":1303,"href":"https:\/\/bpf2024.flaw.uniba.sk\/en\/wp-json\/wp\/v2\/pages\/335\/revisions\/1303"}],"wp:attachment":[{"href":"https:\/\/bpf2024.flaw.uniba.sk\/en\/wp-json\/wp\/v2\/media?parent=335"}],"curies":[{"name":"wp","href":"https:\/\/api.w.org\/{rel}","templated":true}]}}

<h2 class="wp-block-heading alignwide has-text-align-center">Roman-Canonic Impacts on Modern Continental Law</h2>



<p>Roman and Canon Law shaped the form of national legal systems for centuries. Whereas Roman Law was considered to be the ideal model of legal regulation in the area of private law, Canon Law performed these tasks in the area of public law. Despite several efforts to “liberate” the national legal systems from these impacts, which appeared continually from the times of the Modern Period and culminated in the 20th century, the majority of exerted legal institutions have henceforth their basis in the Roman-Canon rules, ideas or principles. The main task of the section of the Department of Roman and Church Law and Institute of Canon Law is to search for these impacts in the historical, as well as in positive-law context.</p>



<p><strong>Guarantors of the section:</strong></p>



<p>prof. JUDr. Matúš Nemec, PhD.</p>



<p>prof. JUDr. Mgr. Vojtech Vladár, PhD.</p>



<p>prof. JCDr. PaedDr. Róbert Brtko, CSc.</p>

<p>Rímsko-kánonické vplyvy na moderné kontinentálne právo Rímske a kánonické právo formovali podobu národných právnych poriadkov po celé stáročia. Zatiaľ čo rímske právo predstavovalo vzor ideálu právnej úpravy v oblasti súkromného práva, kánonické právo zastávala tieto funkcie v oblasti práva verejného. Aj napriek viacerým snahám „oslobodiť“ národné právne poriadky spod týchto vplyvov, ktoré sa kontinuálne objavovali [&hellip;]</p>

<!-- This site is optimized with the Yoast SEO plugin v27.2 - https://yoast.com/product/yoast-seo-wordpress/ -->
<title>Sekcia rímskeho práva, kánonického, cirkevného práva a právnych dejín a právnej komparatistiky - BPF</title>
<meta name="robots" content="index, follow, max-snippet:-1, max-image-preview:large, max-video-preview:-1" />
<link rel="canonical" href="https://bpf2024.flaw.uniba.sk/en/seckia-rimskeho-kanonickeho-a-cirkevneho-prava/" />
<meta property="og:locale" content="en_US" />
<meta property="og:type" content="article" />
<meta property="og:title" content="Sekcia rímskeho práva, kánonického, cirkevného práva a právnych dejín a právnej komparatistiky - BPF" />
<meta property="og:description" content="Rímsko-kánonické vplyvy na moderné kontinentálne právo Rímske a kánonické právo formovali podobu národných právnych poriadkov po celé stáročia. Zatiaľ čo rímske právo predstavovalo vzor ideálu právnej úpravy v oblasti súkromného práva, kánonické právo zastávala tieto funkcie v oblasti práva verejného. Aj napriek viacerým snahám „oslobodiť“ národné právne poriadky spod týchto vplyvov, ktoré sa kontinuálne objavovali [&hellip;]" />
<meta property="og:url" content="https://bpf2024.flaw.uniba.sk/en/seckia-rimskeho-kanonickeho-a-cirkevneho-prava/" />
<meta property="og:site_name" content="BPF" />
<meta property="article:modified_time" content="2024-05-14T11:56:46+00:00" />
<meta name="twitter:card" content="summary_large_image" />
<meta name="twitter:label1" content="Est. reading time" />
	<meta name="twitter:data1" content="1 minute" />
<script type="application/ld+json" class="yoast-schema-graph">{"@context":"https://schema.org","@graph":[{"@type":"WebPage","@id":"https://bpf2024.flaw.uniba.sk/seckia-rimskeho-kanonickeho-a-cirkevneho-prava/","url":"https://bpf2024.flaw.uniba.sk/seckia-rimskeho-kanonickeho-a-cirkevneho-prava/","name":"Sekcia rímskeho práva, kánonického, cirkevného práva a právnych dejín a právnej komparatistiky - BPF","isPartOf":{"@id":"https://bpf2024.flaw.uniba.sk/#website"},"datePublished":"2021-03-17T12:09:48+00:00","dateModified":"2024-05-14T11:56:46+00:00","breadcrumb":{"@id":"https://bpf2024.flaw.uniba.sk/seckia-rimskeho-kanonickeho-a-cirkevneho-prava/#breadcrumb"},"inLanguage":"en-US","potentialAction":[{"@type":"ReadAction","target":["https://bpf2024.flaw.uniba.sk/seckia-rimskeho-kanonickeho-a-cirkevneho-prava/"]}]},{"@type":"BreadcrumbList","@id":"https://bpf2024.flaw.uniba.sk/seckia-rimskeho-kanonickeho-a-cirkevneho-prava/#breadcrumb","itemListElement":[{"@type":"ListItem","position":1,"name":"Home","item":"https://bpf2024.flaw.uniba.sk/"},{"@type":"ListItem","position":2,"name":"Sekcia rímskeho práva, kánonického, cirkevného práva a právnych dejín a právnej komparatistiky"}]},{"@type":"WebSite","@id":"https://bpf2024.flaw.uniba.sk/#website","url":"https://bpf2024.flaw.uniba.sk/","name":"BPF","description":"","publisher":{"@id":"https://bpf2024.flaw.uniba.sk/#organization"},"potentialAction":[{"@type":"SearchAction","target":{"@type":"EntryPoint","urlTemplate":"https://bpf2024.flaw.uniba.sk/?s={search_term_string}"},"query-input":{"@type":"PropertyValueSpecification","valueRequired":true,"valueName":"search_term_string"}}],"inLanguage":"en-US"},{"@type":"Organization","@id":"https://bpf2024.flaw.uniba.sk/#organization","name":"BPF","url":"https://bpf2024.flaw.uniba.sk/","logo":{"@type":"ImageObject","inLanguage":"en-US","@id":"https://bpf2024.flaw.uniba.sk/#/schema/logo/image/","url":"https://bpf2024.flaw.uniba.sk/wp-content/uploads/2024/09/cropped-logo-vlavo-sj.png","contentUrl":"https://bpf2024.flaw.uniba.sk/wp-content/uploads/2024/09/cropped-logo-vlavo-sj.png","width":2477,"height":1861,"caption":"BPF"},"image":{"@id":"https://bpf2024.flaw.uniba.sk/#/schema/logo/image/"}}]}</script>
<!-- / Yoast SEO plugin. -->

Sekcia rímskeho práva, kánonického, cirkevného práva a právnych dejín a právnej komparatistiky - BPF

Rímsko-kánonické vplyvy na moderné kontinentálne právo Rímske a kánonické právo formovali podobu národných právnych poriadkov po celé stáročia. Zatiaľ čo rímske právo predstavovalo vzor ideálu právnej úpravy v oblasti súkromného práva, kánonické právo zastávala tieto funkcie v oblasti práva verejného. Aj napriek viacerým snahám „oslobodiť“ národné právne poriadky spod týchto vplyvov, ktoré sa kontinuálne objavovali [&hellip;]

Sekcia rímskeho práva, kánonického, cirkevného práva a právnych dejín a právnej komparatistiky
